{"id":150,"date":"2019-04-03T15:26:57","date_gmt":"2019-04-03T15:26:57","guid":{"rendered":"https:\/\/erhardt-stiefel.de\/wp\/?page_id=150"},"modified":"2021-10-26T13:06:34","modified_gmt":"2021-10-26T11:06:34","slug":"genealogie","status":"publish","type":"page","link":"https:\/\/erhardt-stiefel.de\/index.php\/genealogie\/","title":{"rendered":"Genealogie"},"content":{"rendered":"<h1><span style=\"color: #3366ff;\">Genealogie<\/span><\/h1>\n<p>Wenn man nach diesem Begriff googelt, findet man in wikipedia dies:<\/p>\n<p><b>Genealogie<\/b> (von altgriechisch <span class=\"Grek\" lang=\"grc-Grek\">\u03b3\u03b5\u03bd\u03b5\u03b1\u03bb\u03bf\u03b3\u03af\u03b1<\/span> <i>genealog\u00eda<\/i> \u201eGeschlechtsregister, Stammbaum\u201c; zur\u00fcckgehend auf <span class=\"Grek\" lang=\"grc-Grek\">\u03b3\u03b5\u03bd\u03b5\u03ac<\/span> <i>gene\u00e1<\/i> \u201eGeburt, Abstammung, Sippschaft, Familie\u201c und <span class=\"Grek\" lang=\"grc-Grek\">\u03bb\u03cc\u03b3\u03bf\u03c2<\/span> <i>l\u00f3gos<\/i> \u201eLehre\u201c) bezeichnet im engeren Sinne die historische Hilfswissenschaft der <b>Familiengeschichtsforschung<\/b>, allgemeinsprachlich <b>Ahnenforschung<\/b>.<\/p>\n<p>Genealogen oder Familienforscher befassen sich mit menschlichen Verwandtschaftsbeziehungen und ihrer Darstellung. Verallgemeinernd wird als Genealogie einer Person oder Familie die Auflistung ihrer namentlich bekannten Vorfahren verstanden.<\/p>\n<h2><span style=\"color: #3366ff;\">Wie alles begann<\/span><\/h2>\n<p><span style=\"color: #993300;\"><em>Anlass f\u00fcr die Arbeit an meinem Stammbaum war der Besuch von <strong>Peter <\/strong>mit seiner Schwester <strong>Ella&nbsp;<\/strong> am 24.07.2004, bei dem auch mein Bruder <strong>Otto <\/strong>mit seiner Frau <strong>Christel<\/strong> und deren Sohn <strong>Alfred<\/strong> bei uns anwesend waren. <\/em><\/span><\/p>\n<p><span style=\"color: #993300;\"><em>Es war ein sehr geselliger Abend! Es wurde musiziert, gesungen und erz\u00e4hlt. Einige Tage sp\u00e4ter stellte mir meine Schw\u00e4gerin Fragen zu einigen Verwandtschaftsbeziehungen. Jetzt hatte ich ein Problem, weil unsere Verwandtschaft inzwischen so gro\u00df geworden ist, dass ich auch nicht mehr alle kannte. <\/em><\/span><\/p>\n<p><span style=\"color: #993300;\"><em>So kam ich auf den Gedanken unsere gro\u00dfe Verwandtschaft im Internet zu publizieren. Vielleicht macht ja noch jemand mit &#8230;<\/em><\/span><\/p>\n<p>Hier finden akkreditierte Verwandte die ganze <span style=\"color: #00ccff;\"><span style=\"color: #3366ff;\"><a style=\"color: #3366ff;\" href=\"https:\/\/www.erhardt-stiefel.de\/stammbaum\/deutsch\/1_geschichte.htm\" target=\"_blank\" rel=\"noopener noreferrer\">Geschichte des Stammbaums <\/a><\/span><span style=\"color: #000000;\">und am Ende dieser Seite kannst du dich legitimieren um <\/span><\/span>den Zugang daf\u00fcr zu bekommen.<\/p>\n<p><!--more--><\/p>\n<h2><span style=\"color: #3366ff;\">Die Publikationen mit GenoPro<\/span><\/h2>\n<p>Etwa hundert Personen unserer Verwandtschaft hatte mein Neffe Alfred bereits in einer sch\u00f6nen Grafik zusammen gestellt. Aber wie konnte ich die Daten \u00fcbernehmen, erg\u00e4nzen und &#8211; f\u00fcr die Verwandtschaft publizieren?<\/p>\n<p>Bei der Suche nach einem geigneten Programm mit dem die Dokumentation der Ahnen im Internet m\u00f6glich ist, fand ich schlie\u00dflich das <strong><a href=\"https:\/\/www.genopro.com\/\" target=\"_blank\" rel=\"noopener noreferrer\">GenoPro<\/a><\/strong>, das meinen Vorstellungen am n\u00e4chsten kam.&nbsp; Eine lebenslange Lizenz daf\u00fcr kostete 2004 nur $ 19,95. Heute kostet sie $ 49,00 bietet aber auch viel mehr.<\/p>\n<p>Wichtig war mir damals, dass<\/p>\n<ul>\n<li>die Eingabe der Daten \u00fcber eine grafische Oberfl\u00e4che m\u00f6glich ist<\/li>\n<li>der Report HTML erzeugt und somit in einer website publiziert werden kann<\/li>\n<li>der Report zweisprachig &#8211; deutsch\/englisch &#8211; erzeugt werden kann<\/li>\n<li>die Daten der lebenden Personen gesch\u00fctzt werden k\u00f6nnen<\/li>\n<li>die Stammb\u00e4ume der Familien im PDF-Format erzeugt werden<\/li>\n<li>man auf die Weiterentwicklung des Programms aktiv Einfluss nehmen kann<\/li>\n<\/ul>\n<p>Das erste Ergebnis mit GenoPro war dieser <a href=\"https:\/\/erhardt-stiefel.de\/stammbaum\/intro_d\/default.htm\" target=\"_blank\" rel=\"noopener noreferrer\"><strong>offene Stammbaum<\/strong><\/a> , der soviel Informationen \u00fcber die enthaltenen Personen preisgibt, dass sich interessierte Verwandte im Internet finden und mich kontaktieren k\u00f6nnen.<\/p>\n<p>Von den gleichen Daten l\u00e4sst sich eine durch Passwort gesch\u00fctzte Version erzeugen. Und das Ganze kann durch Verwendung eines englischen Dictionary auch in einer englischen Version erzeugt werden.<\/p>\n<p>Wenn du an Genealogie und an meinen Dokumentationen interessiert bist, findest du auf dieser Seite hilfreiche Hinweise: <a href=\"https:\/\/erhardt-stiefel.de\/wp\/index.php\/genealogie\/genopro-stammbaum-seite\/\" target=\"_blank\" rel=\"noopener noreferrer\">GenoPro Stammbaum Seite<\/a><\/p>\n<p><!--more--><\/p>\n<p>In den vergangenen 15 Jahren ist mein Stammbaum durch Aufnahme auch&nbsp; der Familien die durch Einheirat mit uns verbunden sind so sehr gewachsen, dass Reporterzeugung und Upload der vier Varianten bereits &gt; 24 Std. dauert.<\/p>\n<p>Deshalb suchte ich 2018 nach einem Programm mit dem man direkt auf dem Server arbeitet, was viel Zeitaufwand erspart, &#8211; aber auch Nachteile hat &#8230;<\/p>\n<h2><span style=\"color: #3366ff;\">Die Publikation in Geneanet<\/span><\/h2>\n<p>Bei der Suche nach einer geeigneten Genealogie-Plattform nach meiner Vorstellung war mir wichtig, dass<\/p>\n<ul>\n<li>sie nicht zu teuer ist, denn es fallen ja laufende Kosten auf dem Server an<\/li>\n<li>die Entwickler\/Server nicht in Amerika sind, wegen der europ\u00e4ischen DSGVO<\/li>\n<li>meine Daten schrittweise \u00fcbernommen werden k\u00f6nnen (GETCOM Import)<\/li>\n<li>die Plattform auch in anderen Genealogie-Plattformen suchen kann<\/li>\n<li>es ein Forum f\u00fcr Service und Erfahrungsaustausch gibt<\/li>\n<\/ul>\n<p>Durch eine befreundete Genealogin wurde ich dann auf&nbsp; <strong><a href=\"https:\/\/de.geneanet.org\/\" target=\"_blank\" rel=\"noopener noreferrer\">Geneanet<\/a><\/strong> aufmerksam, das meine W\u00fcnsche weitgehend erf\u00fcllt.<br \/>\nIn kurzer Zeit \u00fcbertrug ich schrittweise die Daten der Familien mit denen wir mehr oder weniger nah verwandt sind und konnte dabei immer sofort online&nbsp; <strong><a href=\"https:\/\/gw.geneanet.org\/estiefel42?lang=de\" target=\"_blank\" rel=\"noopener noreferrer\">das Ergebnis betrachten<\/a><\/strong>.<\/p>\n<p>Wenn du zu meiner (weitl\u00e4ufigen) Verwandtschaft geh\u00f6rst und an dieser Dokumentation interessiert bist, findest du auf dieser Seite hilfreiche Hinweise: <a href=\"https:\/\/erhardt-stiefel.de\/wp\/index.php\/genealogie\/geneanet-stammbaum-seite\/\"><span style=\"color: #333399;\">Geneanet Stammbaum Seite<\/span><\/a><\/p>\n<p><span style=\"color: #ff00ff;\"><em>Zu diesen beiden Publikation habe ich auf dieser website noch weitere Seiten eingerichtet, weil die Ver\u00f6ffentlichungen nicht synchron erfolgen. W\u00e4hrend die GenoPro Dokumentation 3-4 mal j\u00e4hrlich aktualisiert wird, erfolgt dies im Geneanet sozusagen laufend. In GenoPro befindet sich aber die \u00dcbermenge.<br \/>\n<\/em><\/span><\/p>\n<p><!--more--><\/p>\n<h2><span style=\"color: #3366ff;\">Das Donauschwaben Forum<\/span><\/h2>\n<p>Mein Forschungsgebiet beschr\u00e4nkt sich ja haups\u00e4chlich auf donauschwabische Familien die mit dem 3.Schwabenzug 1784 &#8211; 1787 die Batschka, damals zu \u00d6sterreich-Ungarn geh\u00f6rend, besiedelten.<br \/>\nDazu geh\u00f6rten die Vorfahren meines Vaters (<strong>Stiefel<\/strong>) und meiner Mutter (<strong>Betschel<\/strong>) und auch die Vorfahren meiner Gro\u00dfm\u00fctter (<strong>Kappes<\/strong> und <strong>Zalger<\/strong>).<\/p>\n<p>Weil mind. die ersten drei Generationen viele Kinder hatten und nur innerhalb ihres Siedlungsortes heirateten , entstanden gro\u00dfe Verwandtschaften. Nach dem 2. Weltkrieg wurden die Nachkommen der Siedler aus Jugoslawien vertrieben und leben nun in viele L\u00e4nder zerstreut.<\/p>\n<p>F\u00fcr den Austausch mit den verwandten Nachkommen habe ich darum eine geschlossene Gruppe in facebook eingerichtet: <a href=\"https:\/\/www.facebook.com\/groups\/donauschwabenforum\/\" target=\"_blank\" rel=\"noopener noreferrer\">Das Donauschwaben Forum<\/a>.<br \/>\nDurch meine Forschungsarbeit sind jetzt schon \u00fcber 50 Nachkommen, meistens Verwandte aber auch ein paar befreundete Genealogen, in der Gruppe und posten dort ihre Beitr\u00e4ge zum Thema.<\/p>\n<p><strong>Wenn du auch donauschw\u00e4bische Vorfahren hast melde dich doch mal!<\/strong><\/p>\n<p><span style=\"color: #3366ff;\"><a style=\"color: #3366ff;\" href=\"https:\/\/erhardt-stiefel.de\/wp\/index.php\/privacy-policy\/\" target=\"_blank\" rel=\"noopener noreferrer\">Datenschutzerkl\u00e4rung<\/a><\/span><\/p>\n<div id=\"\u201cGenealogieformular\u201c\">\n<h2 id=\"Genealogieformular\"><span style=\"color: #3366ff;\">Kontaktm\u00f6glichkeit<br \/>\n<\/span><\/h2>\n<div>\n<p>Zur Kontaktaufnahme oder zu Mitteilungen benutze bitte mein Familien\u00e4nderungsformular<br \/>\n<div class=\"wpforms-container wpforms-container-full\" id=\"wpforms-248\"><form id=\"wpforms-form-248\" class=\"wpforms-validate wpforms-form\" data-formid=\"248\" method=\"post\" enctype=\"multipart\/form-data\" action=\"\/index.php\/wp-json\/wp\/v2\/pages\/150\" data-token=\"d3620a322d38767364e1c29a4571a84a\" data-token-time=\"1775389095\"><noscript class=\"wpforms-error-noscript\">Bitte aktivieren Sie JavaScript in Ihrem Browser, um dieses Formular fertigzustellen.<\/noscript><div class=\"wpforms-field-container\"><div id=\"wpforms-248-field_1-container\" class=\"wpforms-field wpforms-field-textarea\" data-field-id=\"1\"><label class=\"wpforms-field-label\" for=\"wpforms-248-field_1\">Einfache Anfrage, Legitimation oder Mitteilung zu meinen dokumentierten Familien <span class=\"wpforms-required-label\">*<\/span><\/label><textarea id=\"wpforms-248-field_1\" class=\"wpforms-field-medium wpforms-field-required\" name=\"wpforms[fields][1]\" required><\/textarea><div class=\"wpforms-field-description\">Bitte benutze dieses Formular um dich zu legitimieren, wenn du Zugang zu den gesch\u00fctzten Daten m\u00f6chtest. \r\nAber auch um mir neue Daten von deiner Familie, von Geburt- und Sterbef\u00e4llen oder irgendwelche Daten\u00e4nderungen zu melden. Einfach formlos in die Felder schreiben und abschicken. \u00dcbernommen werden: Vorname(n), Name, Geschlecht, Geburtstag und -ort, Todestag und -ort, erlernter und\/oder ausge\u00fcbter Beruf, Ort und Tag der Eheschliessung, aktueller Wohnort, Tel.Nr., email-adresse, homepage-adresse und sonstige Bemerkungen allgemeiner Art die f\u00fcr die Verwandtschaft von Interesse sein k\u00f6nnten. Bitte schicke mir Deine Bilder (beliebiges Format) in einer separaten mail.<\/div><\/div><div id=\"wpforms-248-field_2-container\" class=\"wpforms-field wpforms-field-name\" data-field-id=\"2\"><label class=\"wpforms-field-label\">Dein Name <span class=\"wpforms-required-label\">*<\/span><\/label><div class=\"wpforms-field-row wpforms-field-medium\"><div class=\"wpforms-field-row-block wpforms-first wpforms-one-half\"><input type=\"text\" id=\"wpforms-248-field_2\" class=\"wpforms-field-name-first wpforms-field-required\" name=\"wpforms[fields][2][first]\" required><label for=\"wpforms-248-field_2\" class=\"wpforms-field-sublabel after\">Vorname<\/label><\/div><div class=\"wpforms-field-row-block wpforms-one-half\"><input type=\"text\" id=\"wpforms-248-field_2-last\" class=\"wpforms-field-name-last wpforms-field-required\" name=\"wpforms[fields][2][last]\" required><label for=\"wpforms-248-field_2-last\" class=\"wpforms-field-sublabel after\">Nachname<\/label><\/div><\/div><\/div><div id=\"wpforms-248-field_3-container\" class=\"wpforms-field wpforms-field-email\" data-field-id=\"3\"><label class=\"wpforms-field-label\" for=\"wpforms-248-field_3\">Deine E-Mail <span class=\"wpforms-required-label\">*<\/span><\/label><input type=\"email\" id=\"wpforms-248-field_3\" class=\"wpforms-field-medium wpforms-field-required\" name=\"wpforms[fields][3]\" spellcheck=\"false\" required><\/div><div id=\"wpforms-248-field_6-container\" class=\"wpforms-field wpforms-field-text\" data-field-id=\"6\"><label class=\"wpforms-field-label\" for=\"wpforms-248-field_6\">Dein Vater<\/label><input type=\"text\" id=\"wpforms-248-field_6\" class=\"wpforms-field-medium\" name=\"wpforms[fields][6]\" ><div class=\"wpforms-field-description\">Bitte mit Geburtstag und ggf. Geburtsort<\/div><\/div><div id=\"wpforms-248-field_7-container\" class=\"wpforms-field wpforms-field-text\" data-field-id=\"7\"><label class=\"wpforms-field-label\" for=\"wpforms-248-field_7\">Deine Mutter <\/label><input type=\"text\" id=\"wpforms-248-field_7\" class=\"wpforms-field-medium\" name=\"wpforms[fields][7]\" ><div class=\"wpforms-field-description\">M\u00e4dchenname mit Geburtstag und ggf. Geburtsort<\/div><\/div><div id=\"wpforms-248-field_4-container\" class=\"wpforms-field wpforms-field-textarea\" data-field-id=\"4\"><label class=\"wpforms-field-label\" for=\"wpforms-248-field_4\">Deine Gro\u00dfeltern v\u00e4terlicherseits<\/label><textarea id=\"wpforms-248-field_4\" class=\"wpforms-field-medium\" name=\"wpforms[fields][4]\" ><\/textarea><div class=\"wpforms-field-description\">Namen, Geburtstage, Geburtsorte, ggf. Todestage, Sterbeorte<\/div><\/div><div id=\"wpforms-248-field_5-container\" class=\"wpforms-field wpforms-field-textarea\" data-field-id=\"5\"><label class=\"wpforms-field-label\" for=\"wpforms-248-field_5\">Deine Gro\u00dfeltern m\u00fctterlicherseits<\/label><textarea id=\"wpforms-248-field_5\" class=\"wpforms-field-medium\" name=\"wpforms[fields][5]\" ><\/textarea><div class=\"wpforms-field-description\">Namen, Geburtstage, Geburtsorte, ggf. Todestage, Sterbeorte<\/div><\/div><div id=\"wpforms-248-field_8-container\" class=\"wpforms-field wpforms-field-textarea\" data-field-id=\"8\"><label class=\"wpforms-field-label\" for=\"wpforms-248-field_8\">Sonstige Identifikations Informationen<\/label><textarea id=\"wpforms-248-field_8\" class=\"wpforms-field-medium\" name=\"wpforms[fields][8]\" ><\/textarea><div class=\"wpforms-field-description\">Bist du ein Nachkomme von Donauschwaben?\r\nZu welcher Familie oder Sippe geh\u00f6rst du?\r\nWei\u00dft du von welchem Ort in Jugoslawien deine Vorfahren vertrieben wurden?<\/div><\/div><\/div><!-- .wpforms-field-container --><div class=\"wpforms-field wpforms-field-hp\"><label for=\"wpforms-248-field-hp\" class=\"wpforms-field-label\">Message<\/label><input type=\"text\" name=\"wpforms[hp]\" id=\"wpforms-248-field-hp\" class=\"wpforms-field-medium\"><\/div><div class=\"wpforms-submit-container\" ><input type=\"hidden\" name=\"wpforms[id]\" value=\"248\"><input type=\"hidden\" name=\"page_title\" value=\"\"><input type=\"hidden\" name=\"page_url\" value=\"https:\/\/erhardt-stiefel.de\/index.php\/wp-json\/wp\/v2\/pages\/150\"><input type=\"hidden\" name=\"url_referer\" value=\"\"><button type=\"submit\" name=\"wpforms[submit]\" id=\"wpforms-submit-248\" class=\"wpforms-submit\" data-alt-text=\"Senden...\" data-submit-text=\"Absenden\" aria-live=\"assertive\" value=\"wpforms-submit\">Absenden<\/button><\/div><\/form><\/div>  <!-- .wpforms-container --><\/p>\n<\/div>\n<\/div>\n","protected":false},"excerpt":{"rendered":"<p>Genealogie Wenn man nach diesem Begriff googelt, findet man in wikipedia dies: Genealogie (von altgriechisch \u03b3\u03b5\u03bd\u03b5\u03b1\u03bb\u03bf\u03b3\u03af\u03b1 genealog\u00eda \u201eGeschlechtsregister, Stammbaum\u201c; zur\u00fcckgehend auf \u03b3\u03b5\u03bd\u03b5\u03ac gene\u00e1 \u201eGeburt, Abstammung, Sippschaft, Familie\u201c und \u03bb\u03cc\u03b3\u03bf\u03c2 l\u00f3gos \u201eLehre\u201c) bezeichnet im engeren Sinne die historische Hilfswissenschaft der Familiengeschichtsforschung, allgemeinsprachlich Ahnenforschung. Genealogen oder Familienforscher befassen sich mit menschlichen Verwandtschaftsbeziehungen und ihrer Darstellung. Verallgemeinernd wird &hellip; <\/p>\n<p class=\"link-more\"><a href=\"https:\/\/erhardt-stiefel.de\/index.php\/genealogie\/\" class=\"more-link\"><span class=\"screen-reader-text\">\u201eGenealogie\u201c<\/span> weiterlesen<\/a><\/p>\n","protected":false},"author":1,"featured_media":0,"parent":0,"menu_order":0,"comment_status":"closed","ping_status":"closed","template":"","meta":{"_exactmetrics_skip_tracking":false,"_exactmetrics_sitenote_active":false,"_exactmetrics_sitenote_note":"","_exactmetrics_sitenote_category":0,"ngg_post_thumbnail":0,"jetpack_post_was_ever_published":false,"footnotes":""},"class_list":["post-150","page","type-page","status-publish","hentry"],"yoast_head":"<!-- This site is optimized with the Yoast SEO plugin v27.3 - https:\/\/yoast.com\/product\/yoast-seo-wordpress\/ -->\n<title>Genealogie - Erhardt Stiefel&#039;s Fundgrube<\/title>\n<meta name=\"robots\" content=\"index, follow, max-snippet:-1, max-image-preview:large, max-video-preview:-1\" \/>\n<link rel=\"canonical\" href=\"https:\/\/erhardt-stiefel.de\/index.php\/genealogie\/\" \/>\n<meta property=\"og:locale\" content=\"de_DE\" \/>\n<meta property=\"og:type\" content=\"article\" \/>\n<meta property=\"og:title\" content=\"Genealogie - Erhardt Stiefel&#039;s Fundgrube\" \/>\n<meta property=\"og:description\" content=\"Genealogie Wenn man nach diesem Begriff googelt, findet man in wikipedia dies: Genealogie (von altgriechisch \u03b3\u03b5\u03bd\u03b5\u03b1\u03bb\u03bf\u03b3\u03af\u03b1 genealog\u00eda \u201eGeschlechtsregister, Stammbaum\u201c; zur\u00fcckgehend auf \u03b3\u03b5\u03bd\u03b5\u03ac gene\u00e1 \u201eGeburt, Abstammung, Sippschaft, Familie\u201c und \u03bb\u03cc\u03b3\u03bf\u03c2 l\u00f3gos \u201eLehre\u201c) bezeichnet im engeren Sinne die historische Hilfswissenschaft der Familiengeschichtsforschung, allgemeinsprachlich Ahnenforschung. Genealogen oder Familienforscher befassen sich mit menschlichen Verwandtschaftsbeziehungen und ihrer Darstellung. Verallgemeinernd wird &hellip; \u201eGenealogie\u201c weiterlesen\" \/>\n<meta property=\"og:url\" content=\"https:\/\/erhardt-stiefel.de\/index.php\/genealogie\/\" \/>\n<meta property=\"og:site_name\" content=\"Erhardt Stiefel&#039;s Fundgrube\" \/>\n<meta property=\"article:modified_time\" content=\"2021-10-26T11:06:34+00:00\" \/>\n<meta name=\"twitter:card\" content=\"summary_large_image\" \/>\n<meta name=\"twitter:label1\" content=\"Gesch\u00e4tzte Lesezeit\" \/>\n\t<meta name=\"twitter:data1\" content=\"4\u00a0Minuten\" \/>\n<script type=\"application\/ld+json\" class=\"yoast-schema-graph\">{\"@context\":\"https:\\\/\\\/schema.org\",\"@graph\":[{\"@type\":\"WebPage\",\"@id\":\"https:\\\/\\\/erhardt-stiefel.de\\\/index.php\\\/genealogie\\\/\",\"url\":\"https:\\\/\\\/erhardt-stiefel.de\\\/index.php\\\/genealogie\\\/\",\"name\":\"Genealogie - Erhardt Stiefel&#039;s Fundgrube\",\"isPartOf\":{\"@id\":\"https:\\\/\\\/erhardt-stiefel.de\\\/#website\"},\"datePublished\":\"2019-04-03T15:26:57+00:00\",\"dateModified\":\"2021-10-26T11:06:34+00:00\",\"breadcrumb\":{\"@id\":\"https:\\\/\\\/erhardt-stiefel.de\\\/index.php\\\/genealogie\\\/#breadcrumb\"},\"inLanguage\":\"de\",\"potentialAction\":[{\"@type\":\"ReadAction\",\"target\":[\"https:\\\/\\\/erhardt-stiefel.de\\\/index.php\\\/genealogie\\\/\"]}]},{\"@type\":\"BreadcrumbList\",\"@id\":\"https:\\\/\\\/erhardt-stiefel.de\\\/index.php\\\/genealogie\\\/#breadcrumb\",\"itemListElement\":[{\"@type\":\"ListItem\",\"position\":1,\"name\":\"Home\",\"item\":\"https:\\\/\\\/erhardt-stiefel.de\\\/\"},{\"@type\":\"ListItem\",\"position\":2,\"name\":\"Genealogie\"}]},{\"@type\":\"WebSite\",\"@id\":\"https:\\\/\\\/erhardt-stiefel.de\\\/#website\",\"url\":\"https:\\\/\\\/erhardt-stiefel.de\\\/\",\"name\":\"Erhardt Stiefel&#039;s Fundgrube\",\"description\":\"Erfahrungen mit CMS, Genealogie, Gott und der Welt - die ich sehr gerne mit dir teilen w\u00fcrde\",\"potentialAction\":[{\"@type\":\"SearchAction\",\"target\":{\"@type\":\"EntryPoint\",\"urlTemplate\":\"https:\\\/\\\/erhardt-stiefel.de\\\/?s={search_term_string}\"},\"query-input\":{\"@type\":\"PropertyValueSpecification\",\"valueRequired\":true,\"valueName\":\"search_term_string\"}}],\"inLanguage\":\"de\"}]}<\/script>\n<!-- \/ Yoast SEO plugin. -->","yoast_head_json":{"title":"Genealogie - Erhardt Stiefel&#039;s Fundgrube","robots":{"index":"index","follow":"follow","max-snippet":"max-snippet:-1","max-image-preview":"max-image-preview:large","max-video-preview":"max-video-preview:-1"},"canonical":"https:\/\/erhardt-stiefel.de\/index.php\/genealogie\/","og_locale":"de_DE","og_type":"article","og_title":"Genealogie - Erhardt Stiefel&#039;s Fundgrube","og_description":"Genealogie Wenn man nach diesem Begriff googelt, findet man in wikipedia dies: Genealogie (von altgriechisch \u03b3\u03b5\u03bd\u03b5\u03b1\u03bb\u03bf\u03b3\u03af\u03b1 genealog\u00eda \u201eGeschlechtsregister, Stammbaum\u201c; zur\u00fcckgehend auf \u03b3\u03b5\u03bd\u03b5\u03ac gene\u00e1 \u201eGeburt, Abstammung, Sippschaft, Familie\u201c und \u03bb\u03cc\u03b3\u03bf\u03c2 l\u00f3gos \u201eLehre\u201c) bezeichnet im engeren Sinne die historische Hilfswissenschaft der Familiengeschichtsforschung, allgemeinsprachlich Ahnenforschung. Genealogen oder Familienforscher befassen sich mit menschlichen Verwandtschaftsbeziehungen und ihrer Darstellung. Verallgemeinernd wird &hellip; \u201eGenealogie\u201c weiterlesen","og_url":"https:\/\/erhardt-stiefel.de\/index.php\/genealogie\/","og_site_name":"Erhardt Stiefel&#039;s Fundgrube","article_modified_time":"2021-10-26T11:06:34+00:00","twitter_card":"summary_large_image","twitter_misc":{"Gesch\u00e4tzte Lesezeit":"4\u00a0Minuten"},"schema":{"@context":"https:\/\/schema.org","@graph":[{"@type":"WebPage","@id":"https:\/\/erhardt-stiefel.de\/index.php\/genealogie\/","url":"https:\/\/erhardt-stiefel.de\/index.php\/genealogie\/","name":"Genealogie - Erhardt Stiefel&#039;s Fundgrube","isPartOf":{"@id":"https:\/\/erhardt-stiefel.de\/#website"},"datePublished":"2019-04-03T15:26:57+00:00","dateModified":"2021-10-26T11:06:34+00:00","breadcrumb":{"@id":"https:\/\/erhardt-stiefel.de\/index.php\/genealogie\/#breadcrumb"},"inLanguage":"de","potentialAction":[{"@type":"ReadAction","target":["https:\/\/erhardt-stiefel.de\/index.php\/genealogie\/"]}]},{"@type":"BreadcrumbList","@id":"https:\/\/erhardt-stiefel.de\/index.php\/genealogie\/#breadcrumb","itemListElement":[{"@type":"ListItem","position":1,"name":"Home","item":"https:\/\/erhardt-stiefel.de\/"},{"@type":"ListItem","position":2,"name":"Genealogie"}]},{"@type":"WebSite","@id":"https:\/\/erhardt-stiefel.de\/#website","url":"https:\/\/erhardt-stiefel.de\/","name":"Erhardt Stiefel&#039;s Fundgrube","description":"Erfahrungen mit CMS, Genealogie, Gott und der Welt - die ich sehr gerne mit dir teilen w\u00fcrde","potentialAction":[{"@type":"SearchAction","target":{"@type":"EntryPoint","urlTemplate":"https:\/\/erhardt-stiefel.de\/?s={search_term_string}"},"query-input":{"@type":"PropertyValueSpecification","valueRequired":true,"valueName":"search_term_string"}}],"inLanguage":"de"}]}},"jetpack_sharing_enabled":true,"jetpack_shortlink":"https:\/\/wp.me\/PaRlFh-2q","_links":{"self":[{"href":"https:\/\/erhardt-stiefel.de\/index.php\/wp-json\/wp\/v2\/pages\/150","targetHints":{"allow":["GET"]}}],"collection":[{"href":"https:\/\/erhardt-stiefel.de\/index.php\/wp-json\/wp\/v2\/pages"}],"about":[{"href":"https:\/\/erhardt-stiefel.de\/index.php\/wp-json\/wp\/v2\/types\/page"}],"author":[{"embeddable":true,"href":"https:\/\/erhardt-stiefel.de\/index.php\/wp-json\/wp\/v2\/users\/1"}],"replies":[{"embeddable":true,"href":"https:\/\/erhardt-stiefel.de\/index.php\/wp-json\/wp\/v2\/comments?post=150"}],"version-history":[{"count":44,"href":"https:\/\/erhardt-stiefel.de\/index.php\/wp-json\/wp\/v2\/pages\/150\/revisions"}],"predecessor-version":[{"id":5608,"href":"https:\/\/erhardt-stiefel.de\/index.php\/wp-json\/wp\/v2\/pages\/150\/revisions\/5608"}],"wp:attachment":[{"href":"https:\/\/erhardt-stiefel.de\/index.php\/wp-json\/wp\/v2\/media?parent=150"}],"curies":[{"name":"wp","href":"https:\/\/api.w.org\/{rel}","templated":true}]}}