{"id":18,"date":"2019-04-02T11:35:06","date_gmt":"2019-04-02T11:35:06","guid":{"rendered":"https:\/\/erhardt-stiefel.de\/wp\/?page_id=18"},"modified":"2024-03-07T11:01:13","modified_gmt":"2024-03-07T10:01:13","slug":"ueber-mich","status":"publish","type":"page","link":"https:\/\/erhardt-stiefel.de\/index.php\/ueber-mich\/","title":{"rendered":"\u00dcber mich"},"content":{"rendered":"<h1><span style=\"color: #0000ff;\">Diese Seite k\u00f6nnte f\u00fcr dich interessant werden.<br \/>\n<\/span><\/h1>\n<p>Nicht weil ich sooo ein interessanter Mensch w\u00e4re, aber vielleicht weil ich dir etwas Interessantes bieten k\u00f6nnte:&nbsp; Zeit + Interesse + Hilfe = Zuwendung!<br \/>\nUnd all das ohne Gegenleistung!<br \/>\nAber zun\u00e4chst mal etwas dar\u00fcber, warum und wie es zu dieser website kam &#8230;<\/p>\n<h2><span style=\"color: #0000ff;\">Wanderjahre: Schule und Lehrzeit<\/span><\/h2>\n<p>Ich bin Jahrgang 1942, Donauschwabe und von klein auf technisch interessiert.&nbsp; 1948&nbsp; spitzte ich in Th\u00fcringen meine Griffel am elektrischen Schleifbock in der Werkstatt meines Vaters. Bis 1952 lebte ich bei meinen Gro\u00dfeltern in Niedersachsen und schraubte auseinander was immer ich in die Finger bekam: Uhren, N\u00e4hmaschinen, Fahrr\u00e4der und am liebsten &#8211; elektromechanische Spielzeuge. Leider fand ich die meist nur im Schrott!<\/p>\n<p>Nach dem Abschluss der Volksschule 1956 in Gladbeck, Nordrhein-Westfalen arbeitete ich als Kfz-Mechaniker, W\u00e4scher und Pl\u00e4tter, Betriebsschlosser, Werkzeugmacher und Fernsehtechniker. Durch gute Leistungen konnte ich die jeweiligen Lehrzeiten abk\u00fcrzen. Dadurch erwarb ich drei Gesellenbriefe. Auch einen von den Niederlanden.<br \/>\nW\u00e4hrend dieser Zeit erlangte ich die Fachschulreife in der Abendschule.<\/p>\n<p>Schon damals interessierte mich die Elektrotechnik mehr als die Mechanik.<\/p>\n<h2><span style=\"color: #0000ff;\">Verteidigungsbeamter auf Zeit als Sprungbrett<br \/>\n<\/span><\/h2>\n<p>1963 begann ich eine 8-j\u00e4hrige Dienstzeit bei der Luftwaffe der Bundeswehr.<br \/>\nAls Hobby-Segelflieger zog es mich an einen Flugplatz. Aber es kam anders.<br \/>\nDie Ausbildung zum Raketen-\/Radarelektroniker f\u00fchrte mich mehrmals f\u00fcr insgesamt 18 Monate in die USA. EDV-Kurse und eine Ausbildung zum Radio- und Fernsehtechniker schafften die Grundlage f\u00fcr ein Studium.&nbsp; Im letzten Dienstjahr freigestellt, besuchte ich eine Technikerschule, in der ich das Diplom des Elektronik-Technikers erwarb.<\/p>\n<h2><span style=\"color: #0000ff;\">Elektronische Telekommunikation wurde zur Passion<br \/>\n<\/span><\/h2>\n<p>1972 begann ich bei <span style=\"color: #3366ff;\"><a style=\"color: #3366ff;\" href=\"https:\/\/de.wikipedia.org\/wiki\/Alcatel_SEL\" target=\"_blank\" rel=\"noopener noreferrer\">Alcatel SEL<\/a><\/span> in Stuttgart-Zuffenhausen meine berufliche Laufbahn als Entwicklungs-Ingenieur im Telekommunikationsbereich.<br \/>\nDie ersten 10 Jahre war ich an der Entwicklung der ersten Generation elektronischer W\u00e4hlsysteme&nbsp; <span style=\"color: #3366ff;\"><a style=\"color: #3366ff;\" href=\"https:\/\/de.wikipedia.org\/wiki\/EWSD\" target=\"_blank\" rel=\"noopener noreferrer\">EWS<\/a><\/span> beteiligt und sammelte umfangreiche Erfahrungen sowohl in der Hardware- als auch in der Software-Entwicklung von rechnergesteuerten TK-Systemen und Netzen der Vermittlungstechnik.<\/p>\n<p>Als die ALCATEL SEL das <a href=\"https:\/\/de.wikipedia.org\/wiki\/System_12\" target=\"_blank\" rel=\"noopener noreferrer\"><span style=\"color: #3366ff;\">System 12<\/span><\/a> als Konkurrenzprodukt zum EWSD von Siemens entwickelte, wechselte ich zur SW-Entwicklung, programmierte u.a. in <a href=\"https:\/\/de.wikipedia.org\/wiki\/CHILL\" target=\"_blank\" rel=\"noopener noreferrer\"><span style=\"color: #3366ff;\">CHILL<\/span><\/a> und leitete ein Entwickler-Team, das an Projekten weltweit beteiligt war.&nbsp; Im Rahmen dieser Aufgaben war ich u.a. in folgenden L\u00e4ndern t\u00e4tig: Finnland, Belgien, Italien, Spanien, T\u00fcrkei und China.<\/p>\n<h2><span style=\"color: #0000ff;\">Das Zeitalter der Personal Computer beginnt<\/span><\/h2>\n<p>Es war eine spannende Zeit mit st\u00e4ndig neuen Herausforderungen, in der es kaum eine Woche gab, in der ich nicht wieder etwas Neues dazu lernen konnte. Als unser \u00e4lterer Sohn Michael mir 1986 erz\u00e4hlte, dass er im Gymnasium in <span style=\"color: #3366ff;\"><a style=\"color: #3366ff;\" href=\"https:\/\/de.wikipedia.org\/wiki\/Pascal_(Programmiersprache)\" target=\"_blank\" rel=\"noopener noreferrer\">Pascal<\/a><\/span> programmieren lerne, kam unser erster PC ins Haus.<\/p>\n<p>Es war ein <a href=\"https:\/\/de.wikipedia.org\/wiki\/Amstrad_PC1512\" target=\"_blank\" rel=\"noopener noreferrer\"><span style=\"color: #3366ff;\">Amstrad PC512<\/span><\/a> und das erste Projekt, das ich darauf in Locomotive <a href=\"https:\/\/www.digisaurier.de\/basic\/\" target=\"_blank\" rel=\"noopener noreferrer\"><span style=\"color: #3366ff;\">Basic<\/span><\/a> schrieb, war ein Programm zur Organisation von Tischtennis-Turnieren.<br \/>\nDamals organisierte ich Jugend-Sportveranstaltungen und dass man sich bis kurz vor Turnierbeginn noch anmelden konnte, war ein Novum.<\/p>\n<p>&nbsp;Auch dass ein <strong><em>Computer<\/em> <\/strong>die Runden an- und abpfiff (die Qualifikation wurde auf Zeit gespielt) machte so manchen Teilnehmer neugierig f\u00fcr die neue Technik. <a href=\"https:\/\/www.8select.com\/team\" target=\"_blank\" rel=\"noopener noreferrer\"><span style=\"color: #3366ff;\">Michael<\/span><\/a> wurde <a href=\"https:\/\/de.wikipedia.org\/wiki\/PC-kompatibles_DOS\" target=\"_blank\" rel=\"noopener noreferrer\"><span style=\"color: #3366ff;\">MS-DOS<\/span><\/a> Guru und gab den Jungen gerne Auskunft.<\/p>\n<p>Durch diese positiven Ergebnisse angespornt vers\u00e4umte ich zuk\u00fcnftig keine Cebit in Hannover und war auch 1995 dabei als <a href=\"https:\/\/de.wikipedia.org\/wiki\/Microsoft_Windows_95\" target=\"_blank\" rel=\"noopener noreferrer\"><span style=\"color: #3366ff;\">Windows 95<\/span><\/a> vorgestellt wurde.&nbsp; Meine privat erworbenen Kenntnisse brachten mir sp\u00e4ter einen Vorprung in der Firma, &#8211; als der PC am Arbeitsplatz eingef\u00fchrt wurde.<br \/>\nBis dahin hatte man &#8222;nur&#8220; am IBM-Terminal gearbeitet.<\/p>\n<h2><span style=\"color: #0000ff;\">Das Internet wird zur Dauerbesch\u00e4ftigung<br \/>\n<\/span><\/h2>\n<p>Als ich in den letzten Jahren mit der Leitung eines weltweit verstreuten Feature Development Teams betraut wurde, habe ich die M\u00f6glichkeiten des ALCATEL Intranet kennen und nutzen gelernt. Um mir eine eigene \u00fcbersichtliche Verwaltungs- und Kontrolloberfl\u00e4che zu entwickeln, lernte ich u.a. auch webseiten in <a href=\"https:\/\/de.wikipedia.org\/wiki\/Hypertext_Markup_Language\" target=\"_blank\" rel=\"noopener noreferrer\"><span style=\"color: #3366ff;\">HTML<\/span><\/a> zu programmieren.<br \/>\n<a href=\"https:\/\/www.phase5.info\/\" target=\"_blank\" rel=\"noopener noreferrer\"><span style=\"color: #3366ff;\">Ulli Meybohm<\/span><\/a> wurde mein Lehrer und ich verdanke ihm viel.<\/p>\n<p>Die Ergebnisse begeisterten mich so sehr, dass ich bald nach gleichgesinnten Freunden suchte, um in der Freizeit eine website f\u00fcr unsere Kirche, die <a href=\"https:\/\/volksmission.de\/\" target=\"_blank\" rel=\"noopener noreferrer\"><span style=\"color: #3366ff;\">Volksmission e.C.e.V.<\/span><\/a> zu erstellen. Mit den IT-Experten <span style=\"color: #3366ff;\"><a style=\"color: #3366ff;\" href=\"https:\/\/www.facebook.com\/udo.besenreuther\" target=\"_blank\" rel=\"noopener noreferrer\">Udo<\/a><\/span> und <span style=\"color: #3366ff;\"><a style=\"color: #3366ff;\" href=\"http:\/\/www.eppi777.de\/\" target=\"_blank\" rel=\"noopener noreferrer\">Bernd<\/a><\/span> wurden wir ein Team, von dem ich durch&nbsp; Austausch unserer Erfahrungen am meisten profitierte. Danke!<br \/>\nDurch Udo fand ich sp\u00e4ter auch den Platz f\u00fcr meine domain, der mir Host und Service bietet: <span style=\"color: #3366ff;\"><a style=\"color: #3366ff;\" href=\"https:\/\/www.lai.de\/\" target=\"_blank\" rel=\"noopener noreferrer\">LAI <\/a><\/span>e.V. Auf dem Server <a href=\"https:\/\/www.lai.de\/der-verein\/\" target=\"_blank\" rel=\"noopener noreferrer\"><span style=\"color: #3366ff;\">dieses Vereins<\/span><\/a> laufen seitdem meine Projekte.<\/p>\n<p>Anfangs war unser neugeschaffenes Angebot an Informationen gr\u00f6\u00dfer als die Nachfrage der Nutzer. Aber das Internet wuchs so schnell, dass die Anpassung und Pflege der Seiten sehr viel Zeit beanspruchte. Weil alles von uns ehrenamtlich und kostenlos erstellt wurde, suchten wir nach neuen M\u00f6glichkeiten und Methoden.<\/p>\n<h2><span style=\"color: #0000ff;\">Content Management Systeme<\/span><\/h2>\n<p>Als dann die ersten CMS entwickelt wurden, lernte ich durch Udo das von <span style=\"color: #3366ff;\"><b><a style=\"color: #3366ff;\" href=\"https:\/\/www.heise.de\/tp\/features\/Ein-hoeheres-Ideal-3382564.html\" target=\"_blank\" rel=\"noopener noreferrer\">Kasper Sk\u00e5rh\u00f8j<\/a><\/b><\/span> entwickelte <a href=\"https:\/\/de.wikipedia.org\/wiki\/TYPO3\" target=\"_blank\" rel=\"noopener noreferrer\"><span style=\"color: #3366ff;\">TYPO3<\/span><\/a> kennen, das heute von namhaften Konzernen verwendet wird. Es begeisterte mich, weil der Erfinder auch Christ ist und er seine Entwicklung als Open Source kostenlos zur Verf\u00fcgung stellte.<br \/>\nDas ist auch mein Prinzip.<\/p>\n<p>W\u00e4hrend der Arbeit an der website der Volksmission lernte ich auch deren&nbsp; <a href=\"https:\/\/vmec-weltweit.de\/index.php\/de\/\" target=\"_blank\" rel=\"noopener noreferrer\"><span style=\"color: #3366ff;\">Missionare in anderen L\u00e4ndern<\/span><\/a> kennen. Als sich 2003 meine berufliche Laufbahn dem Ende zu neigte, reiste ich mit meiner Frau auf die Philippinen. Die Erlebnisse dort habe ich mit Typo3 dokumentiert in der <span style=\"color: #3366ff;\"><a style=\"color: #3366ff;\" href=\"https:\/\/erhardt-stiefel.de\/index.php\/philippinen-reise\/\" target=\"_blank\" rel=\"noopener noreferrer\">Philippinen-Reise<\/a><\/span>.<\/p>\n<p>Im (Un-)Ruhestand nutzte ich meine beruflichen Erfahrungen f\u00fcr meine Gemeinde, die <span style=\"color: #3366ff;\"><a style=\"color: #3366ff;\" href=\"http:\/\/www.vmpforzheim.de\/\" target=\"_blank\" rel=\"noopener noreferrer\">VM Pforzheim<\/a><\/span>. Ich pflegte die website, programmierte ein Buchhaltungs- und Mitglieder-Verwaltungssystem in <span style=\"color: #3366ff;\"><a style=\"color: #3366ff;\" href=\"https:\/\/de.wikipedia.org\/wiki\/Visual_Basic_Classic\" target=\"_blank\" rel=\"noopener noreferrer\">Visual Basic<\/a><\/span>, gr\u00fcndete eine PC-Workgroup, f\u00fchrte den <span style=\"color: #3366ff;\"><a style=\"color: #3366ff;\" href=\"https:\/\/www.songbeamer.de\/\" target=\"_blank\" rel=\"noopener noreferrer\">Songbeamer<\/a><\/span> und die digitale Aufzeichnung der Predigten ein, und &#8211; verwaltete die SW-Lizenzen f\u00fcr alle aktiven MA.<\/p>\n<p>Weil ich die Pflege der website an j\u00fcngere Mitarbeiter \u00fcbergeben wollte, suchte ich nach einem CMS das man auch ohne Vorkenntnisse leicht bedienen kann. Weil der Internet-Anschluss der Gemeinde bei 1&amp;1 war, benutzte ich deren CMS, richtete die website ein und \u00fcbergab sie &#8230;<\/p>\n<h2><span style=\"color: #0000ff;\">Der Adler und die Mittwochsgruppe <\/span><\/h2>\n<p>Nach dem gescheiterten Versuch den Lebensabend als Missionar auf den Philippinen zu verbringen und der Dokumentation dar\u00fcber, suchte ich nach weiteren Projekten f\u00fcr meine website. Die <strong>monatlichen<\/strong> Einladungen zu den Aktionen und die Aktualisierung der Geschichte der <span style=\"color: #0000ff;\"><a style=\"color: #0000ff;\" href=\"https:\/\/erhardt-stiefel.de\/index.php\/mittwochsgruppe\/\">Mittwochsgruppe<\/a> <\/span>f\u00fcllten meine Freizeit nur teilweise aus und so begann ich mein Blog mit einer <strong>t\u00e4glichen<\/strong> Botschaft zur Optimierung des Lebens: <span style=\"color: #0000ff;\"><a style=\"color: #0000ff;\" href=\"https:\/\/erhardt-stiefel.de\/index.php\/fliegen-wie-ein-adler\/\">Dem Adler<\/a><\/span>&nbsp;!<\/p>\n<h2><span style=\"color: #0000ff;\">Wie geht es weiter?<\/span><\/h2>\n<p>Nun bin ich im achten Lebensjahrzent schon weit fortgeschritten und au\u00dfer mit meiner Frau, Haus und Garten nur noch mit zwei weiteren Hobbys besch\u00e4ftigt:<\/p>\n<p>1. Ich biete (kostenlose) Hilfe bei PC Problemen (soweit ich noch dazu in der Lage bin) mit Hilfe des TeamViewers an. Hier gehts zur <span style=\"color: #3366ff;\"><strong><a style=\"color: #3366ff;\" href=\"https:\/\/erhardt-stiefel.de\/index.php\/kontakt\/\" target=\"_blank\" rel=\"noopener noreferrer\">Kontaktaufnahme<\/a><\/strong><\/span><br \/>\nKeine Sorge, meine Klientel sind meistens Herren \u00e4lteren Semesters.<\/p>\n<p><img loading=\"lazy\" decoding=\"async\" class=\"alignnone wp-image-8795\" src=\"https:\/\/erhardt-stiefel.de\/wp-content\/uploads\/2024\/03\/pcservice_neu-300x38.jpg\" alt=\"\" width=\"577\" height=\"73\" srcset=\"https:\/\/erhardt-stiefel.de\/wp-content\/uploads\/2024\/03\/pcservice_neu-300x38.jpg 300w, https:\/\/erhardt-stiefel.de\/wp-content\/uploads\/2024\/03\/pcservice_neu.jpg 680w\" sizes=\"auto, (max-width: 577px) 100vw, 577px\" \/><\/p>\n<hr>\n<p>2. Ich betreibe seit 15 Jahren Familienforschung und biete meine Erfahrungen, Dokumentationen, Quellen und Hilfe an. Einige Tipps hier in der <span style=\"color: #3366ff;\"><strong><a style=\"color: #3366ff;\" href=\"https:\/\/erhardt-stiefel.de\/index.php\/genealogie\/\">Genealogie<\/a><\/strong><\/span><\/p>\n<p><img loading=\"lazy\" decoding=\"async\" class=\"alignnone wp-image-140\" src=\"https:\/\/erhardt-stiefel.de\/wp\/wp-content\/uploads\/2019\/04\/erhardt4-300x43.jpg\" alt=\"\" width=\"586\" height=\"84\" srcset=\"https:\/\/erhardt-stiefel.de\/wp-content\/uploads\/2019\/04\/erhardt4-300x43.jpg 300w, https:\/\/erhardt-stiefel.de\/wp-content\/uploads\/2019\/04\/erhardt4.jpg 683w\" sizes=\"auto, (max-width: 586px) 100vw, 586px\" \/><\/p>\n<hr>\n<h2><span style=\"color: #0000ff;\">Zu guter Letzt<\/span><\/h2>\n<p>Die elementaren Fragen:<br \/>\n<span style=\"color: #0000ff;\"><em>Woher komme ich, wozu lebe ich und wohin gehe ich<\/em>,<\/span><br \/>\nhaben mich zeitlebens besch\u00e4ftigt. Die Antwort auf die Letztere habe ich schon in meiner Jugend von Gott bekommen. Bei der Ersteren bin ich bereits bis zum Anfang des 16.Jahrhunderts gekommen. Aber daran arbeite ich noch.<\/p>\n<p>Bei der Frage &#8218;<span style=\"color: #0000ff;\">wozu lebe ich?&#8216;<\/span> kann ich nur auf Gottes Gnade hoffen.<br \/>\nHoffentlich war es f\u00fcr dich interessant bis hierhin gelesen zu haben!<br \/>\n<strong>Melde dich mal &#8230;&nbsp;<\/strong><\/p>\n<div class=\"wpforms-container wpforms-container-full\" id=\"wpforms-188\"><form id=\"wpforms-form-188\" class=\"wpforms-validate wpforms-form\" data-formid=\"188\" method=\"post\" enctype=\"multipart\/form-data\" action=\"\/index.php\/wp-json\/wp\/v2\/pages\/18\" data-token=\"a72f3d898dac063a82c7bfc4157fbf01\" data-token-time=\"1775998816\"><div class=\"wpforms-head-container\"><div class=\"wpforms-title\">Allgemeine Anfrage<\/div><div class=\"wpforms-description\">Es gibt keine dummen Fragen - nur dumme Antworten!<\/div><\/div><noscript class=\"wpforms-error-noscript\">Bitte aktivieren Sie JavaScript in Ihrem Browser, um dieses Formular fertigzustellen.<\/noscript><div class=\"wpforms-field-container\"><div id=\"wpforms-188-field_0-container\" class=\"wpforms-field wpforms-field-name\" data-field-id=\"0\"><label class=\"wpforms-field-label\" for=\"wpforms-188-field_0\">Name <span class=\"wpforms-required-label\">*<\/span><\/label><div class=\"wpforms-field-row wpforms-field-medium\"><div class=\"wpforms-field-row-block wpforms-first wpforms-one-half\"><input type=\"text\" id=\"wpforms-188-field_0\" class=\"wpforms-field-name-first wpforms-field-required\" name=\"wpforms[fields][0][first]\" placeholder=\"Vorname\" required><label for=\"wpforms-188-field_0\" class=\"wpforms-field-sublabel after wpforms-sublabel-hide\">Vorname<\/label><\/div><div class=\"wpforms-field-row-block wpforms-one-half\"><input type=\"text\" id=\"wpforms-188-field_0-last\" class=\"wpforms-field-name-last wpforms-field-required\" name=\"wpforms[fields][0][last]\" placeholder=\"Nachname\" required><label for=\"wpforms-188-field_0-last\" class=\"wpforms-field-sublabel after wpforms-sublabel-hide\">Nachname<\/label><\/div><\/div><\/div><div id=\"wpforms-188-field_1-container\" class=\"wpforms-field wpforms-field-email\" data-field-id=\"1\"><label class=\"wpforms-field-label\" for=\"wpforms-188-field_1\">E-Mail <span class=\"wpforms-required-label\">*<\/span><\/label><input type=\"email\" id=\"wpforms-188-field_1\" class=\"wpforms-field-medium wpforms-field-required\" name=\"wpforms[fields][1]\" spellcheck=\"false\" required><\/div><div id=\"wpforms-188-field_2-container\" class=\"wpforms-field wpforms-field-textarea\" data-field-id=\"2\"><label class=\"wpforms-field-label\" for=\"wpforms-188-field_2\">Kommentar oder Nachricht <span class=\"wpforms-required-label\">*<\/span><\/label><textarea id=\"wpforms-188-field_2\" class=\"wpforms-field-medium wpforms-field-required\" name=\"wpforms[fields][2]\" required><\/textarea><\/div><\/div><!-- .wpforms-field-container --><div class=\"wpforms-field wpforms-field-hp\"><label for=\"wpforms-188-field-hp\" class=\"wpforms-field-label\">Comment<\/label><input type=\"text\" name=\"wpforms[hp]\" id=\"wpforms-188-field-hp\" class=\"wpforms-field-medium\"><\/div><div class=\"wpforms-submit-container\" ><input type=\"hidden\" name=\"wpforms[id]\" value=\"188\"><input type=\"hidden\" name=\"page_title\" value=\"\"><input type=\"hidden\" name=\"page_url\" value=\"https:\/\/erhardt-stiefel.de\/index.php\/wp-json\/wp\/v2\/pages\/18\"><input type=\"hidden\" name=\"url_referer\" value=\"\"><button type=\"submit\" name=\"wpforms[submit]\" id=\"wpforms-submit-188\" class=\"wpforms-submit\" data-alt-text=\"Senden...\" data-submit-text=\"Absenden\" aria-live=\"assertive\" value=\"wpforms-submit\">Absenden<\/button><\/div><\/form><\/div>  <!-- .wpforms-container -->\n","protected":false},"excerpt":{"rendered":"<p>Diese Seite k\u00f6nnte f\u00fcr dich interessant werden. Nicht weil ich sooo ein interessanter Mensch w\u00e4re, aber vielleicht weil ich dir etwas Interessantes bieten k\u00f6nnte:&nbsp; Zeit + Interesse + Hilfe = Zuwendung! Und all das ohne Gegenleistung! Aber zun\u00e4chst mal etwas dar\u00fcber, warum und wie es zu dieser website kam &#8230; Wanderjahre: Schule und Lehrzeit Ich &hellip; <\/p>\n<p class=\"link-more\"><a href=\"https:\/\/erhardt-stiefel.de\/index.php\/ueber-mich\/\" class=\"more-link\"><span class=\"screen-reader-text\">\u201e\u00dcber mich\u201c<\/span> weiterlesen<\/a><\/p>\n","protected":false},"author":1,"featured_media":0,"parent":0,"menu_order":0,"comment_status":"closed","ping_status":"closed","template":"","meta":{"_exactmetrics_skip_tracking":false,"_exactmetrics_sitenote_active":false,"_exactmetrics_sitenote_note":"","_exactmetrics_sitenote_category":0,"ngg_post_thumbnail":0,"jetpack_post_was_ever_published":false,"footnotes":""},"class_list":["post-18","page","type-page","status-publish","hentry"],"yoast_head":"<!-- This site is optimized with the Yoast SEO plugin v27.3 - https:\/\/yoast.com\/product\/yoast-seo-wordpress\/ -->\n<title>\u00dcber mich - Erhardt Stiefel&#039;s Fundgrube<\/title>\n<meta name=\"robots\" content=\"index, follow, max-snippet:-1, max-image-preview:large, max-video-preview:-1\" \/>\n<link rel=\"canonical\" href=\"https:\/\/erhardt-stiefel.de\/index.php\/ueber-mich\/\" \/>\n<meta property=\"og:locale\" content=\"de_DE\" \/>\n<meta property=\"og:type\" content=\"article\" \/>\n<meta property=\"og:title\" content=\"\u00dcber mich - Erhardt Stiefel&#039;s Fundgrube\" \/>\n<meta property=\"og:description\" content=\"Diese Seite k\u00f6nnte f\u00fcr dich interessant werden. Nicht weil ich sooo ein interessanter Mensch w\u00e4re, aber vielleicht weil ich dir etwas Interessantes bieten k\u00f6nnte:&nbsp; Zeit + Interesse + Hilfe = Zuwendung! Und all das ohne Gegenleistung! Aber zun\u00e4chst mal etwas dar\u00fcber, warum und wie es zu dieser website kam &#8230; Wanderjahre: Schule und Lehrzeit Ich &hellip; \u201e\u00dcber mich\u201c weiterlesen\" \/>\n<meta property=\"og:url\" content=\"https:\/\/erhardt-stiefel.de\/index.php\/ueber-mich\/\" \/>\n<meta property=\"og:site_name\" content=\"Erhardt Stiefel&#039;s Fundgrube\" \/>\n<meta property=\"article:modified_time\" content=\"2024-03-07T10:01:13+00:00\" \/>\n<meta property=\"og:image\" content=\"https:\/\/erhardt-stiefel.de\/wp-content\/uploads\/2024\/03\/pcservice_neu-300x38.jpg\" \/>\n<meta name=\"twitter:card\" content=\"summary_large_image\" \/>\n<meta name=\"twitter:label1\" content=\"Gesch\u00e4tzte Lesezeit\" \/>\n\t<meta name=\"twitter:data1\" content=\"7\u00a0Minuten\" \/>\n<script type=\"application\/ld+json\" class=\"yoast-schema-graph\">{\"@context\":\"https:\\\/\\\/schema.org\",\"@graph\":[{\"@type\":\"WebPage\",\"@id\":\"https:\\\/\\\/erhardt-stiefel.de\\\/index.php\\\/ueber-mich\\\/\",\"url\":\"https:\\\/\\\/erhardt-stiefel.de\\\/index.php\\\/ueber-mich\\\/\",\"name\":\"\u00dcber mich - Erhardt Stiefel&#039;s Fundgrube\",\"isPartOf\":{\"@id\":\"https:\\\/\\\/erhardt-stiefel.de\\\/#website\"},\"primaryImageOfPage\":{\"@id\":\"https:\\\/\\\/erhardt-stiefel.de\\\/index.php\\\/ueber-mich\\\/#primaryimage\"},\"image\":{\"@id\":\"https:\\\/\\\/erhardt-stiefel.de\\\/index.php\\\/ueber-mich\\\/#primaryimage\"},\"thumbnailUrl\":\"https:\\\/\\\/erhardt-stiefel.de\\\/wp-content\\\/uploads\\\/2024\\\/03\\\/pcservice_neu-300x38.jpg\",\"datePublished\":\"2019-04-02T11:35:06+00:00\",\"dateModified\":\"2024-03-07T10:01:13+00:00\",\"breadcrumb\":{\"@id\":\"https:\\\/\\\/erhardt-stiefel.de\\\/index.php\\\/ueber-mich\\\/#breadcrumb\"},\"inLanguage\":\"de\",\"potentialAction\":[{\"@type\":\"ReadAction\",\"target\":[\"https:\\\/\\\/erhardt-stiefel.de\\\/index.php\\\/ueber-mich\\\/\"]}]},{\"@type\":\"ImageObject\",\"inLanguage\":\"de\",\"@id\":\"https:\\\/\\\/erhardt-stiefel.de\\\/index.php\\\/ueber-mich\\\/#primaryimage\",\"url\":\"https:\\\/\\\/erhardt-stiefel.de\\\/wp-content\\\/uploads\\\/2024\\\/03\\\/pcservice_neu.jpg\",\"contentUrl\":\"https:\\\/\\\/erhardt-stiefel.de\\\/wp-content\\\/uploads\\\/2024\\\/03\\\/pcservice_neu.jpg\",\"width\":680,\"height\":85},{\"@type\":\"BreadcrumbList\",\"@id\":\"https:\\\/\\\/erhardt-stiefel.de\\\/index.php\\\/ueber-mich\\\/#breadcrumb\",\"itemListElement\":[{\"@type\":\"ListItem\",\"position\":1,\"name\":\"Home\",\"item\":\"https:\\\/\\\/erhardt-stiefel.de\\\/\"},{\"@type\":\"ListItem\",\"position\":2,\"name\":\"\u00dcber mich\"}]},{\"@type\":\"WebSite\",\"@id\":\"https:\\\/\\\/erhardt-stiefel.de\\\/#website\",\"url\":\"https:\\\/\\\/erhardt-stiefel.de\\\/\",\"name\":\"Erhardt Stiefel&#039;s Fundgrube\",\"description\":\"Erfahrungen mit CMS, Genealogie, Gott und der Welt - die ich sehr gerne mit dir teilen w\u00fcrde\",\"potentialAction\":[{\"@type\":\"SearchAction\",\"target\":{\"@type\":\"EntryPoint\",\"urlTemplate\":\"https:\\\/\\\/erhardt-stiefel.de\\\/?s={search_term_string}\"},\"query-input\":{\"@type\":\"PropertyValueSpecification\",\"valueRequired\":true,\"valueName\":\"search_term_string\"}}],\"inLanguage\":\"de\"}]}<\/script>\n<!-- \/ Yoast SEO plugin. -->","yoast_head_json":{"title":"\u00dcber mich - Erhardt Stiefel&#039;s Fundgrube","robots":{"index":"index","follow":"follow","max-snippet":"max-snippet:-1","max-image-preview":"max-image-preview:large","max-video-preview":"max-video-preview:-1"},"canonical":"https:\/\/erhardt-stiefel.de\/index.php\/ueber-mich\/","og_locale":"de_DE","og_type":"article","og_title":"\u00dcber mich - Erhardt Stiefel&#039;s Fundgrube","og_description":"Diese Seite k\u00f6nnte f\u00fcr dich interessant werden. Nicht weil ich sooo ein interessanter Mensch w\u00e4re, aber vielleicht weil ich dir etwas Interessantes bieten k\u00f6nnte:&nbsp; Zeit + Interesse + Hilfe = Zuwendung! Und all das ohne Gegenleistung! Aber zun\u00e4chst mal etwas dar\u00fcber, warum und wie es zu dieser website kam &#8230; Wanderjahre: Schule und Lehrzeit Ich &hellip; \u201e\u00dcber mich\u201c weiterlesen","og_url":"https:\/\/erhardt-stiefel.de\/index.php\/ueber-mich\/","og_site_name":"Erhardt Stiefel&#039;s Fundgrube","article_modified_time":"2024-03-07T10:01:13+00:00","og_image":[{"url":"https:\/\/erhardt-stiefel.de\/wp-content\/uploads\/2024\/03\/pcservice_neu-300x38.jpg","type":"","width":"","height":""}],"twitter_card":"summary_large_image","twitter_misc":{"Gesch\u00e4tzte Lesezeit":"7\u00a0Minuten"},"schema":{"@context":"https:\/\/schema.org","@graph":[{"@type":"WebPage","@id":"https:\/\/erhardt-stiefel.de\/index.php\/ueber-mich\/","url":"https:\/\/erhardt-stiefel.de\/index.php\/ueber-mich\/","name":"\u00dcber mich - Erhardt Stiefel&#039;s Fundgrube","isPartOf":{"@id":"https:\/\/erhardt-stiefel.de\/#website"},"primaryImageOfPage":{"@id":"https:\/\/erhardt-stiefel.de\/index.php\/ueber-mich\/#primaryimage"},"image":{"@id":"https:\/\/erhardt-stiefel.de\/index.php\/ueber-mich\/#primaryimage"},"thumbnailUrl":"https:\/\/erhardt-stiefel.de\/wp-content\/uploads\/2024\/03\/pcservice_neu-300x38.jpg","datePublished":"2019-04-02T11:35:06+00:00","dateModified":"2024-03-07T10:01:13+00:00","breadcrumb":{"@id":"https:\/\/erhardt-stiefel.de\/index.php\/ueber-mich\/#breadcrumb"},"inLanguage":"de","potentialAction":[{"@type":"ReadAction","target":["https:\/\/erhardt-stiefel.de\/index.php\/ueber-mich\/"]}]},{"@type":"ImageObject","inLanguage":"de","@id":"https:\/\/erhardt-stiefel.de\/index.php\/ueber-mich\/#primaryimage","url":"https:\/\/erhardt-stiefel.de\/wp-content\/uploads\/2024\/03\/pcservice_neu.jpg","contentUrl":"https:\/\/erhardt-stiefel.de\/wp-content\/uploads\/2024\/03\/pcservice_neu.jpg","width":680,"height":85},{"@type":"BreadcrumbList","@id":"https:\/\/erhardt-stiefel.de\/index.php\/ueber-mich\/#breadcrumb","itemListElement":[{"@type":"ListItem","position":1,"name":"Home","item":"https:\/\/erhardt-stiefel.de\/"},{"@type":"ListItem","position":2,"name":"\u00dcber mich"}]},{"@type":"WebSite","@id":"https:\/\/erhardt-stiefel.de\/#website","url":"https:\/\/erhardt-stiefel.de\/","name":"Erhardt Stiefel&#039;s Fundgrube","description":"Erfahrungen mit CMS, Genealogie, Gott und der Welt - die ich sehr gerne mit dir teilen w\u00fcrde","potentialAction":[{"@type":"SearchAction","target":{"@type":"EntryPoint","urlTemplate":"https:\/\/erhardt-stiefel.de\/?s={search_term_string}"},"query-input":{"@type":"PropertyValueSpecification","valueRequired":true,"valueName":"search_term_string"}}],"inLanguage":"de"}]}},"jetpack_sharing_enabled":true,"jetpack_shortlink":"https:\/\/wp.me\/PaRlFh-i","_links":{"self":[{"href":"https:\/\/erhardt-stiefel.de\/index.php\/wp-json\/wp\/v2\/pages\/18","targetHints":{"allow":["GET"]}}],"collection":[{"href":"https:\/\/erhardt-stiefel.de\/index.php\/wp-json\/wp\/v2\/pages"}],"about":[{"href":"https:\/\/erhardt-stiefel.de\/index.php\/wp-json\/wp\/v2\/types\/page"}],"author":[{"embeddable":true,"href":"https:\/\/erhardt-stiefel.de\/index.php\/wp-json\/wp\/v2\/users\/1"}],"replies":[{"embeddable":true,"href":"https:\/\/erhardt-stiefel.de\/index.php\/wp-json\/wp\/v2\/comments?post=18"}],"version-history":[{"count":49,"href":"https:\/\/erhardt-stiefel.de\/index.php\/wp-json\/wp\/v2\/pages\/18\/revisions"}],"predecessor-version":[{"id":8801,"href":"https:\/\/erhardt-stiefel.de\/index.php\/wp-json\/wp\/v2\/pages\/18\/revisions\/8801"}],"wp:attachment":[{"href":"https:\/\/erhardt-stiefel.de\/index.php\/wp-json\/wp\/v2\/media?parent=18"}],"curies":[{"name":"wp","href":"https:\/\/api.w.org\/{rel}","templated":true}]}}