{"id":2374,"date":"2019-08-07T08:06:31","date_gmt":"2019-08-07T08:06:31","guid":{"rendered":"https:\/\/erhardt-stiefel.de\/?page_id=2374"},"modified":"2019-08-15T13:30:02","modified_gmt":"2019-08-15T13:30:02","slug":"2004-domelife","status":"publish","type":"page","link":"https:\/\/erhardt-stiefel.de\/index.php\/2004-domelife\/","title":{"rendered":"2004 Domelife"},"content":{"rendered":"<p>Nach der R\u00fcckkehr aus unserem <strong><span style=\"color: #3366ff;\"><a style=\"color: #3366ff;\" href=\"https:\/\/erhardt-stiefel.de\/index.php\/urlaubsreisen\/nggallery\/urlaubsreisen\/2003-San-Juan\" target=\"_blank\" rel=\"noopener noreferrer\">Weihnachts-Urlaub in San Juan<\/a><\/span><\/strong> wurde mir bewu\u00dft, dass die Zeit hier im Dome in wenigen Wochen zu Ende geht. Bisher hatte ich f\u00fcr unsere Freunde ein online-Tagebuch geschrieben, aber wir hatten noch gar keine richtige Dokumentation gemacht, wie das Leben hier so abl\u00e4uft. F\u00fcr die Interessierten daheim, die Unterst\u00fctzer dieser Missionsarbeit oder f\u00fcr potientielle zuk\u00fcnftige Besucher. So begann ich systematisch zu fotografieren und zu notieren. Die folgende Bilderstrecke mit Kommentaren soll Ihnen,&nbsp; soll Dir einen kleinen Einblick geben. Sie wird laufend erg\u00e4nzt werden.<br \/>\nMarianne hatte mir ins G\u00e4stebuch geschrieben:&#8220;Wann wird das Tagebuch endlich vervollst\u00e4ndigt?&#8220;. Jetzt bin ich fast fertig! Gut Ding will Weile haben!<\/p>\nngg_shortcode_0_placeholder\n","protected":false},"excerpt":{"rendered":"<p>Nach der R\u00fcckkehr aus unserem Weihnachts-Urlaub in San Juan wurde mir bewu\u00dft, dass die Zeit hier im Dome in wenigen Wochen zu Ende geht. Bisher hatte ich f\u00fcr unsere Freunde ein online-Tagebuch geschrieben, aber wir hatten noch gar keine richtige Dokumentation gemacht, wie das Leben hier so abl\u00e4uft. F\u00fcr die Interessierten daheim, die Unterst\u00fctzer dieser &hellip; <\/p>\n<p class=\"link-more\"><a href=\"https:\/\/erhardt-stiefel.de\/index.php\/2004-domelife\/\" class=\"more-link\"><span class=\"screen-reader-text\">\u201e2004 Domelife\u201c<\/span> weiterlesen<\/a><\/p>\n","protected":false},"author":1,"featured_media":0,"parent":0,"menu_order":0,"comment_status":"closed","ping_status":"closed","template":"","meta":{"_exactmetrics_skip_tracking":false,"_exactmetrics_sitenote_active":false,"_exactmetrics_sitenote_note":"","_exactmetrics_sitenote_category":0,"ngg_post_thumbnail":0,"jetpack_post_was_ever_published":false,"footnotes":""},"class_list":["post-2374","page","type-page","status-publish","hentry"],"yoast_head":"<!-- This site is optimized with the Yoast SEO plugin v27.3 - https:\/\/yoast.com\/product\/yoast-seo-wordpress\/ -->\n<title>2004 Domelife - Erhardt Stiefel&#039;s Fundgrube<\/title>\n<meta name=\"robots\" content=\"index, follow, max-snippet:-1, max-image-preview:large, max-video-preview:-1\" \/>\n<link rel=\"canonical\" href=\"https:\/\/erhardt-stiefel.de\/index.php\/2004-domelife\/\" \/>\n<meta property=\"og:locale\" content=\"de_DE\" \/>\n<meta property=\"og:type\" content=\"article\" \/>\n<meta property=\"og:title\" content=\"2004 Domelife - Erhardt Stiefel&#039;s Fundgrube\" \/>\n<meta property=\"og:description\" content=\"Nach der R\u00fcckkehr aus unserem Weihnachts-Urlaub in San Juan wurde mir bewu\u00dft, dass die Zeit hier im Dome in wenigen Wochen zu Ende geht. Bisher hatte ich f\u00fcr unsere Freunde ein online-Tagebuch geschrieben, aber wir hatten noch gar keine richtige Dokumentation gemacht, wie das Leben hier so abl\u00e4uft. F\u00fcr die Interessierten daheim, die Unterst\u00fctzer dieser &hellip; \u201e2004 Domelife\u201c weiterlesen\" \/>\n<meta property=\"og:url\" content=\"https:\/\/erhardt-stiefel.de\/index.php\/2004-domelife\/\" \/>\n<meta property=\"og:site_name\" content=\"Erhardt Stiefel&#039;s Fundgrube\" \/>\n<meta property=\"article:modified_time\" content=\"2019-08-15T13:30:02+00:00\" \/>\n<meta name=\"twitter:card\" content=\"summary_large_image\" \/>\n<meta name=\"twitter:label1\" content=\"Gesch\u00e4tzte Lesezeit\" \/>\n\t<meta name=\"twitter:data1\" content=\"1\u00a0Minute\" \/>\n<script type=\"application\/ld+json\" class=\"yoast-schema-graph\">{\"@context\":\"https:\\\/\\\/schema.org\",\"@graph\":[{\"@type\":\"WebPage\",\"@id\":\"https:\\\/\\\/erhardt-stiefel.de\\\/index.php\\\/2004-domelife\\\/\",\"url\":\"https:\\\/\\\/erhardt-stiefel.de\\\/index.php\\\/2004-domelife\\\/\",\"name\":\"2004 Domelife - Erhardt Stiefel&#039;s Fundgrube\",\"isPartOf\":{\"@id\":\"https:\\\/\\\/erhardt-stiefel.de\\\/#website\"},\"datePublished\":\"2019-08-07T08:06:31+00:00\",\"dateModified\":\"2019-08-15T13:30:02+00:00\",\"breadcrumb\":{\"@id\":\"https:\\\/\\\/erhardt-stiefel.de\\\/index.php\\\/2004-domelife\\\/#breadcrumb\"},\"inLanguage\":\"de\",\"potentialAction\":[{\"@type\":\"ReadAction\",\"target\":[\"https:\\\/\\\/erhardt-stiefel.de\\\/index.php\\\/2004-domelife\\\/\"]}]},{\"@type\":\"BreadcrumbList\",\"@id\":\"https:\\\/\\\/erhardt-stiefel.de\\\/index.php\\\/2004-domelife\\\/#breadcrumb\",\"itemListElement\":[{\"@type\":\"ListItem\",\"position\":1,\"name\":\"Home\",\"item\":\"https:\\\/\\\/erhardt-stiefel.de\\\/\"},{\"@type\":\"ListItem\",\"position\":2,\"name\":\"2004 Domelife\"}]},{\"@type\":\"WebSite\",\"@id\":\"https:\\\/\\\/erhardt-stiefel.de\\\/#website\",\"url\":\"https:\\\/\\\/erhardt-stiefel.de\\\/\",\"name\":\"Erhardt Stiefel&#039;s Fundgrube\",\"description\":\"Erfahrungen mit CMS, Genealogie, Gott und der Welt - die ich sehr gerne mit dir teilen w\u00fcrde\",\"potentialAction\":[{\"@type\":\"SearchAction\",\"target\":{\"@type\":\"EntryPoint\",\"urlTemplate\":\"https:\\\/\\\/erhardt-stiefel.de\\\/?s={search_term_string}\"},\"query-input\":{\"@type\":\"PropertyValueSpecification\",\"valueRequired\":true,\"valueName\":\"search_term_string\"}}],\"inLanguage\":\"de\"}]}<\/script>\n<!-- \/ Yoast SEO plugin. -->","yoast_head_json":{"title":"2004 Domelife - Erhardt Stiefel&#039;s Fundgrube","robots":{"index":"index","follow":"follow","max-snippet":"max-snippet:-1","max-image-preview":"max-image-preview:large","max-video-preview":"max-video-preview:-1"},"canonical":"https:\/\/erhardt-stiefel.de\/index.php\/2004-domelife\/","og_locale":"de_DE","og_type":"article","og_title":"2004 Domelife - Erhardt Stiefel&#039;s Fundgrube","og_description":"Nach der R\u00fcckkehr aus unserem Weihnachts-Urlaub in San Juan wurde mir bewu\u00dft, dass die Zeit hier im Dome in wenigen Wochen zu Ende geht. Bisher hatte ich f\u00fcr unsere Freunde ein online-Tagebuch geschrieben, aber wir hatten noch gar keine richtige Dokumentation gemacht, wie das Leben hier so abl\u00e4uft. F\u00fcr die Interessierten daheim, die Unterst\u00fctzer dieser &hellip; \u201e2004 Domelife\u201c weiterlesen","og_url":"https:\/\/erhardt-stiefel.de\/index.php\/2004-domelife\/","og_site_name":"Erhardt Stiefel&#039;s Fundgrube","article_modified_time":"2019-08-15T13:30:02+00:00","twitter_card":"summary_large_image","twitter_misc":{"Gesch\u00e4tzte Lesezeit":"1\u00a0Minute"},"schema":{"@context":"https:\/\/schema.org","@graph":[{"@type":"WebPage","@id":"https:\/\/erhardt-stiefel.de\/index.php\/2004-domelife\/","url":"https:\/\/erhardt-stiefel.de\/index.php\/2004-domelife\/","name":"2004 Domelife - Erhardt Stiefel&#039;s Fundgrube","isPartOf":{"@id":"https:\/\/erhardt-stiefel.de\/#website"},"datePublished":"2019-08-07T08:06:31+00:00","dateModified":"2019-08-15T13:30:02+00:00","breadcrumb":{"@id":"https:\/\/erhardt-stiefel.de\/index.php\/2004-domelife\/#breadcrumb"},"inLanguage":"de","potentialAction":[{"@type":"ReadAction","target":["https:\/\/erhardt-stiefel.de\/index.php\/2004-domelife\/"]}]},{"@type":"BreadcrumbList","@id":"https:\/\/erhardt-stiefel.de\/index.php\/2004-domelife\/#breadcrumb","itemListElement":[{"@type":"ListItem","position":1,"name":"Home","item":"https:\/\/erhardt-stiefel.de\/"},{"@type":"ListItem","position":2,"name":"2004 Domelife"}]},{"@type":"WebSite","@id":"https:\/\/erhardt-stiefel.de\/#website","url":"https:\/\/erhardt-stiefel.de\/","name":"Erhardt Stiefel&#039;s Fundgrube","description":"Erfahrungen mit CMS, Genealogie, Gott und der Welt - die ich sehr gerne mit dir teilen w\u00fcrde","potentialAction":[{"@type":"SearchAction","target":{"@type":"EntryPoint","urlTemplate":"https:\/\/erhardt-stiefel.de\/?s={search_term_string}"},"query-input":{"@type":"PropertyValueSpecification","valueRequired":true,"valueName":"search_term_string"}}],"inLanguage":"de"}]}},"jetpack_sharing_enabled":true,"jetpack_shortlink":"https:\/\/wp.me\/PaRlFh-Ci","_links":{"self":[{"href":"https:\/\/erhardt-stiefel.de\/index.php\/wp-json\/wp\/v2\/pages\/2374","targetHints":{"allow":["GET"]}}],"collection":[{"href":"https:\/\/erhardt-stiefel.de\/index.php\/wp-json\/wp\/v2\/pages"}],"about":[{"href":"https:\/\/erhardt-stiefel.de\/index.php\/wp-json\/wp\/v2\/types\/page"}],"author":[{"embeddable":true,"href":"https:\/\/erhardt-stiefel.de\/index.php\/wp-json\/wp\/v2\/users\/1"}],"replies":[{"embeddable":true,"href":"https:\/\/erhardt-stiefel.de\/index.php\/wp-json\/wp\/v2\/comments?post=2374"}],"version-history":[{"count":6,"href":"https:\/\/erhardt-stiefel.de\/index.php\/wp-json\/wp\/v2\/pages\/2374\/revisions"}],"predecessor-version":[{"id":2571,"href":"https:\/\/erhardt-stiefel.de\/index.php\/wp-json\/wp\/v2\/pages\/2374\/revisions\/2571"}],"wp:attachment":[{"href":"https:\/\/erhardt-stiefel.de\/index.php\/wp-json\/wp\/v2\/media?parent=2374"}],"curies":[{"name":"wp","href":"https:\/\/api.w.org\/{rel}","templated":true}]}}