{"id":3190,"date":"2019-10-23T08:56:57","date_gmt":"2019-10-23T08:56:57","guid":{"rendered":"https:\/\/erhardt-stiefel.de\/?page_id=3190"},"modified":"2024-12-23T18:18:21","modified_gmt":"2024-12-23T17:18:21","slug":"bilderauswahl","status":"publish","type":"page","link":"https:\/\/erhardt-stiefel.de\/index.php\/bilderauswahl\/","title":{"rendered":"Bilderauswahl"},"content":{"rendered":"<p>Weil die Bildergalerie der Mittwochsgruppe inzwischen mehr 400 Bilder enth\u00e4lt und nicht jeder alle Bilder durchsuchen m\u00f6chte um ein ganz bestimmtes zu finden, habe ich diese neue Funktion eingef\u00fchrt.<\/p>\n<p>Wei\u00df man ungef\u00e4hr in welchem Jahr das gesuchte Bild gemacht wurde (z.B. 2005) oder welche Aktion&nbsp; da stattfand (z.B. Jahresausflug) oder wo das Ziel des Ausflug war (z.B. Stuttgart),&nbsp; dann kann man das <strong>Stichwort<\/strong> anklicken und es wird eine Auswahl von Bildern angezeigt, unter denen das gesuchte dann (hoffentlich) ist. Die Schriftgr\u00f6\u00dfe entspricht der Anzahl der Bilder.<br \/>\nNavigation wie in der Bildergalerie. <span style=\"color: #3366ff;\"><a style=\"color: #3366ff;\" href=\"https:\/\/erhardt-stiefel.de\/index.php\/bilderauswahl\/nggallery\/tags\" rel=\"noopener noreferrer\">Zur\u00fcck zur Stichwort Auswahl<\/a><\/span><\/p>\nngg_shortcode_0_placeholder\n<p>&nbsp;<\/p>\n<p>Wer mir als erster eine Liste der Bilder schickt, auf denen er sich erkennt, bekommt sein <strong>eigenes ganz pers\u00f6nliches Stichwort<\/strong>. Versprochen!<\/p>\n<p>&nbsp;<\/p>\n","protected":false},"excerpt":{"rendered":"<p>Weil die Bildergalerie der Mittwochsgruppe inzwischen mehr 400 Bilder enth\u00e4lt und nicht jeder alle Bilder durchsuchen m\u00f6chte um ein ganz bestimmtes zu finden, habe ich diese neue Funktion eingef\u00fchrt. Wei\u00df man ungef\u00e4hr in welchem Jahr das gesuchte Bild gemacht wurde (z.B. 2005) oder welche Aktion&nbsp; da stattfand (z.B. Jahresausflug) oder wo das Ziel des Ausflug &hellip; <\/p>\n<p class=\"link-more\"><a href=\"https:\/\/erhardt-stiefel.de\/index.php\/bilderauswahl\/\" class=\"more-link\"><span class=\"screen-reader-text\">\u201eBilderauswahl\u201c<\/span> weiterlesen<\/a><\/p>\n","protected":false},"author":1,"featured_media":0,"parent":0,"menu_order":0,"comment_status":"closed","ping_status":"closed","template":"","meta":{"_exactmetrics_skip_tracking":false,"_exactmetrics_sitenote_active":false,"_exactmetrics_sitenote_note":"","_exactmetrics_sitenote_category":0,"ngg_post_thumbnail":0,"jetpack_post_was_ever_published":false,"footnotes":""},"class_list":["post-3190","page","type-page","status-publish","hentry"],"yoast_head":"<!-- This site is optimized with the Yoast SEO plugin v27.5 - https:\/\/yoast.com\/product\/yoast-seo-wordpress\/ -->\n<title>Bilderauswahl - Erhardt Stiefel&#039;s Fundgrube<\/title>\n<meta name=\"robots\" content=\"index, follow, max-snippet:-1, max-image-preview:large, max-video-preview:-1\" \/>\n<link rel=\"canonical\" href=\"https:\/\/erhardt-stiefel.de\/index.php\/bilderauswahl\/\" \/>\n<meta property=\"og:locale\" content=\"de_DE\" \/>\n<meta property=\"og:type\" content=\"article\" \/>\n<meta property=\"og:title\" content=\"Bilderauswahl - Erhardt Stiefel&#039;s Fundgrube\" \/>\n<meta property=\"og:description\" content=\"Weil die Bildergalerie der Mittwochsgruppe inzwischen mehr 400 Bilder enth\u00e4lt und nicht jeder alle Bilder durchsuchen m\u00f6chte um ein ganz bestimmtes zu finden, habe ich diese neue Funktion eingef\u00fchrt. Wei\u00df man ungef\u00e4hr in welchem Jahr das gesuchte Bild gemacht wurde (z.B. 2005) oder welche Aktion&nbsp; da stattfand (z.B. Jahresausflug) oder wo das Ziel des Ausflug &hellip; \u201eBilderauswahl\u201c weiterlesen\" \/>\n<meta property=\"og:url\" content=\"https:\/\/erhardt-stiefel.de\/index.php\/bilderauswahl\/\" \/>\n<meta property=\"og:site_name\" content=\"Erhardt Stiefel&#039;s Fundgrube\" \/>\n<meta property=\"article:modified_time\" content=\"2024-12-23T17:18:21+00:00\" \/>\n<meta name=\"twitter:card\" content=\"summary_large_image\" \/>\n<meta name=\"twitter:label1\" content=\"Gesch\u00e4tzte Lesezeit\" \/>\n\t<meta name=\"twitter:data1\" content=\"1\u00a0Minute\" \/>\n<script type=\"application\/ld+json\" class=\"yoast-schema-graph\">{\"@context\":\"https:\\\/\\\/schema.org\",\"@graph\":[{\"@type\":\"WebPage\",\"@id\":\"https:\\\/\\\/erhardt-stiefel.de\\\/index.php\\\/bilderauswahl\\\/\",\"url\":\"https:\\\/\\\/erhardt-stiefel.de\\\/index.php\\\/bilderauswahl\\\/\",\"name\":\"Bilderauswahl - Erhardt Stiefel&#039;s Fundgrube\",\"isPartOf\":{\"@id\":\"https:\\\/\\\/erhardt-stiefel.de\\\/#website\"},\"datePublished\":\"2019-10-23T08:56:57+00:00\",\"dateModified\":\"2024-12-23T17:18:21+00:00\",\"breadcrumb\":{\"@id\":\"https:\\\/\\\/erhardt-stiefel.de\\\/index.php\\\/bilderauswahl\\\/#breadcrumb\"},\"inLanguage\":\"de\",\"potentialAction\":[{\"@type\":\"ReadAction\",\"target\":[\"https:\\\/\\\/erhardt-stiefel.de\\\/index.php\\\/bilderauswahl\\\/\"]}]},{\"@type\":\"BreadcrumbList\",\"@id\":\"https:\\\/\\\/erhardt-stiefel.de\\\/index.php\\\/bilderauswahl\\\/#breadcrumb\",\"itemListElement\":[{\"@type\":\"ListItem\",\"position\":1,\"name\":\"Home\",\"item\":\"https:\\\/\\\/erhardt-stiefel.de\\\/\"},{\"@type\":\"ListItem\",\"position\":2,\"name\":\"Bilderauswahl\"}]},{\"@type\":\"WebSite\",\"@id\":\"https:\\\/\\\/erhardt-stiefel.de\\\/#website\",\"url\":\"https:\\\/\\\/erhardt-stiefel.de\\\/\",\"name\":\"Erhardt Stiefel&#039;s Fundgrube\",\"description\":\"Erfahrungen mit CMS, Genealogie, Gott und der Welt - die ich sehr gerne mit dir teilen w\u00fcrde\",\"potentialAction\":[{\"@type\":\"SearchAction\",\"target\":{\"@type\":\"EntryPoint\",\"urlTemplate\":\"https:\\\/\\\/erhardt-stiefel.de\\\/?s={search_term_string}\"},\"query-input\":{\"@type\":\"PropertyValueSpecification\",\"valueRequired\":true,\"valueName\":\"search_term_string\"}}],\"inLanguage\":\"de\"}]}<\/script>\n<!-- \/ Yoast SEO plugin. -->","yoast_head_json":{"title":"Bilderauswahl - Erhardt Stiefel&#039;s Fundgrube","robots":{"index":"index","follow":"follow","max-snippet":"max-snippet:-1","max-image-preview":"max-image-preview:large","max-video-preview":"max-video-preview:-1"},"canonical":"https:\/\/erhardt-stiefel.de\/index.php\/bilderauswahl\/","og_locale":"de_DE","og_type":"article","og_title":"Bilderauswahl - Erhardt Stiefel&#039;s Fundgrube","og_description":"Weil die Bildergalerie der Mittwochsgruppe inzwischen mehr 400 Bilder enth\u00e4lt und nicht jeder alle Bilder durchsuchen m\u00f6chte um ein ganz bestimmtes zu finden, habe ich diese neue Funktion eingef\u00fchrt. Wei\u00df man ungef\u00e4hr in welchem Jahr das gesuchte Bild gemacht wurde (z.B. 2005) oder welche Aktion&nbsp; da stattfand (z.B. Jahresausflug) oder wo das Ziel des Ausflug &hellip; \u201eBilderauswahl\u201c weiterlesen","og_url":"https:\/\/erhardt-stiefel.de\/index.php\/bilderauswahl\/","og_site_name":"Erhardt Stiefel&#039;s Fundgrube","article_modified_time":"2024-12-23T17:18:21+00:00","twitter_card":"summary_large_image","twitter_misc":{"Gesch\u00e4tzte Lesezeit":"1\u00a0Minute"},"schema":{"@context":"https:\/\/schema.org","@graph":[{"@type":"WebPage","@id":"https:\/\/erhardt-stiefel.de\/index.php\/bilderauswahl\/","url":"https:\/\/erhardt-stiefel.de\/index.php\/bilderauswahl\/","name":"Bilderauswahl - Erhardt Stiefel&#039;s Fundgrube","isPartOf":{"@id":"https:\/\/erhardt-stiefel.de\/#website"},"datePublished":"2019-10-23T08:56:57+00:00","dateModified":"2024-12-23T17:18:21+00:00","breadcrumb":{"@id":"https:\/\/erhardt-stiefel.de\/index.php\/bilderauswahl\/#breadcrumb"},"inLanguage":"de","potentialAction":[{"@type":"ReadAction","target":["https:\/\/erhardt-stiefel.de\/index.php\/bilderauswahl\/"]}]},{"@type":"BreadcrumbList","@id":"https:\/\/erhardt-stiefel.de\/index.php\/bilderauswahl\/#breadcrumb","itemListElement":[{"@type":"ListItem","position":1,"name":"Home","item":"https:\/\/erhardt-stiefel.de\/"},{"@type":"ListItem","position":2,"name":"Bilderauswahl"}]},{"@type":"WebSite","@id":"https:\/\/erhardt-stiefel.de\/#website","url":"https:\/\/erhardt-stiefel.de\/","name":"Erhardt Stiefel&#039;s Fundgrube","description":"Erfahrungen mit CMS, Genealogie, Gott und der Welt - die ich sehr gerne mit dir teilen w\u00fcrde","potentialAction":[{"@type":"SearchAction","target":{"@type":"EntryPoint","urlTemplate":"https:\/\/erhardt-stiefel.de\/?s={search_term_string}"},"query-input":{"@type":"PropertyValueSpecification","valueRequired":true,"valueName":"search_term_string"}}],"inLanguage":"de"}]}},"jetpack_sharing_enabled":true,"jetpack_shortlink":"https:\/\/wp.me\/PaRlFh-Ps","_links":{"self":[{"href":"https:\/\/erhardt-stiefel.de\/index.php\/wp-json\/wp\/v2\/pages\/3190","targetHints":{"allow":["GET"]}}],"collection":[{"href":"https:\/\/erhardt-stiefel.de\/index.php\/wp-json\/wp\/v2\/pages"}],"about":[{"href":"https:\/\/erhardt-stiefel.de\/index.php\/wp-json\/wp\/v2\/types\/page"}],"author":[{"embeddable":true,"href":"https:\/\/erhardt-stiefel.de\/index.php\/wp-json\/wp\/v2\/users\/1"}],"replies":[{"embeddable":true,"href":"https:\/\/erhardt-stiefel.de\/index.php\/wp-json\/wp\/v2\/comments?post=3190"}],"version-history":[{"count":18,"href":"https:\/\/erhardt-stiefel.de\/index.php\/wp-json\/wp\/v2\/pages\/3190\/revisions"}],"predecessor-version":[{"id":9732,"href":"https:\/\/erhardt-stiefel.de\/index.php\/wp-json\/wp\/v2\/pages\/3190\/revisions\/9732"}],"wp:attachment":[{"href":"https:\/\/erhardt-stiefel.de\/index.php\/wp-json\/wp\/v2\/media?parent=3190"}],"curies":[{"name":"wp","href":"https:\/\/api.w.org\/{rel}","templated":true}]}}