{"id":4378,"date":"2021-02-24T16:58:53","date_gmt":"2021-02-24T16:58:53","guid":{"rendered":"https:\/\/erhardt-stiefel.de\/?page_id=4378"},"modified":"2026-04-12T08:30:14","modified_gmt":"2026-04-12T06:30:14","slug":"maerz-und-april","status":"publish","type":"page","link":"https:\/\/erhardt-stiefel.de\/index.php\/fliegen-wie-ein-adler\/maerz-und-april\/","title":{"rendered":"M\u00e4rz und April"},"content":{"rendered":"<table>\n<tbody>\n<tr>\n<td><strong>M\u00e4rz<\/strong><\/td>\n<td><strong>April<\/strong><\/td>\n<\/tr>\n<tr>\n<td><span style=\"color: #0000ff;\"><span style=\"color: #0000ff;\"><a style=\"color: #0000ff;\" href=\"https:\/\/erhardt-stiefel.de\/index.php\/2026\/03\/01\/generationswechsel-2\/\">01. Generationswechsel<\/a><br \/>\n<a style=\"color: #0000ff;\" href=\"https:\/\/erhardt-stiefel.de\/index.php\/2026\/03\/02\/mit-wuerde-alt-werden-2\/\">02. Mit W\u00fcrde alt werden<\/a><br \/>\n<a style=\"color: #0000ff;\" href=\"https:\/\/erhardt-stiefel.de\/index.php\/2026\/03\/03\/die-wuerde-der-schwachen-bewahren-2\/\">03. Die W\u00fcrde der Schwachen bewahren<\/a><br \/>\n<a style=\"color: #0000ff;\" href=\"https:\/\/erhardt-stiefel.de\/index.php\/2026\/03\/04\/nicht-alles-wissen-wollen-2\/\">04. Nicht alles wissen wollen<\/a><br \/>\n<a style=\"color: #0000ff;\" href=\"https:\/\/erhardt-stiefel.de\/index.php\/2026\/03\/05\/hoffnung-macht-stark-2\/\">05. Hoffnung macht stark<\/a><br \/>\n<a style=\"color: #0000ff;\" href=\"https:\/\/erhardt-stiefel.de\/index.php\/2026\/03\/06\/die-bittere-wurzel-2\/\">06. Die bittere Wurzel<\/a><br \/>\n<a style=\"color: #0000ff;\" href=\"https:\/\/erhardt-stiefel.de\/index.php\/2026\/03\/07\/herzenshaltung-ist-gefragt-2\/\">07. Herzenshaltung ist gefragt<\/a><br \/>\n<a style=\"color: #0000ff;\" href=\"https:\/\/erhardt-stiefel.de\/index.php\/2026\/03\/08\/mut-zur-stille-2\/\">08. Mut zur Stille<\/a><br \/>\n<a style=\"color: #0000ff;\" href=\"https:\/\/erhardt-stiefel.de\/index.php\/2026\/03\/09\/jesus-im-gedraenge-verlieren-2\/\">09. Jesus im Gedr\u00e4nge verlieren<\/a><br \/>\n<a style=\"color: #0000ff;\" href=\"https:\/\/erhardt-stiefel.de\/index.php\/2026\/03\/10\/achte-auf-die-kleinen-anfaenge-2\/\">10. Achte auf die kleinen Anf\u00e4nge<\/a><br \/>\n<a style=\"color: #0000ff;\" href=\"https:\/\/erhardt-stiefel.de\/index.php\/2026\/03\/11\/dankopfer-2\/\">11. Dankopfer<\/a><br \/>\n<a style=\"color: #0000ff;\" href=\"https:\/\/erhardt-stiefel.de\/index.php\/2026\/03\/12\/dranbleiben-2\/\">12. Dranbleiben<\/a><br \/>\n<a style=\"color: #0000ff;\" href=\"https:\/\/erhardt-stiefel.de\/index.php\/2026\/03\/13\/haende-zum-segnen-2\/\">13. H\u00e4nde zum Segnen<\/a><br \/>\n<a style=\"color: #0000ff;\" href=\"https:\/\/erhardt-stiefel.de\/index.php\/2026\/03\/14\/geistliche-waffen-neu-entdecken\/\">14. Geistliche Waffen neu entdecken<\/a><br \/>\n<a style=\"color: #0000ff;\" href=\"https:\/\/erhardt-stiefel.de\/index.php\/2026\/03\/15\/goettlicher-schutz\/\">15. G\u00f6ttlicher Schutz<\/a><br \/>\n<span style=\"color: #000000;\"><span style=\"color: #0000ff;\"><a style=\"color: #0000ff;\" href=\"https:\/\/erhardt-stiefel.de\/index.php\/2026\/03\/16\/euer-ja-sei-ein-ja\/\">16. Euer Ja sei ein Ja<\/a><\/span><br \/>\n<\/span><\/span><\/span><span style=\"color: #0000ff;\"><a style=\"color: #0000ff;\" href=\"https:\/\/erhardt-stiefel.de\/index.php\/2026\/03\/17\/christsein-verpflichtet\/\">17. Christsein verpflichtet<\/a><br \/>\n<a style=\"color: #0000ff;\" href=\"https:\/\/erhardt-stiefel.de\/index.php\/2026\/03\/18\/haende-reichen\/\">18. H\u00e4nde reichen<\/a><br \/>\n<a style=\"color: #0000ff;\" href=\"https:\/\/erhardt-stiefel.de\/index.php\/2026\/03\/19\/hart-gegen-sich-selbst\/\">19. Hart gegen sich selbst<\/a><br \/>\n<a style=\"color: #0000ff;\" href=\"https:\/\/erhardt-stiefel.de\/index.php\/2026\/03\/20\/drei-beine-wackeln-nicht-2\/\">20. Drei Beine wackeln nicht<\/a><br \/>\n<a style=\"color: #0000ff;\" href=\"https:\/\/erhardt-stiefel.de\/index.php\/2026\/03\/21\/segen-der-gottesfurcht-2\/\">21. Segen der Gottesfurcht<\/a><br \/>\n<a style=\"color: #0000ff;\" href=\"https:\/\/erhardt-stiefel.de\/index.php\/2026\/03\/22\/weisheit-finden-2\/\">22. Weisheit finden<\/a><br \/>\n<a style=\"color: #0000ff;\" href=\"https:\/\/erhardt-stiefel.de\/index.php\/2026\/03\/23\/menschenkult-2\/\">23. Menschenkult<\/a><br \/>\n<a style=\"color: #0000ff;\" href=\"https:\/\/erhardt-stiefel.de\/index.php\/2026\/03\/24\/zwei-gesichter-2\/\">24. Zwei Gesichter<\/a><br \/>\n<\/span><span style=\"color: #0000ff;\"><a style=\"color: #0000ff;\" href=\"https:\/\/erhardt-stiefel.de\/index.php\/2026\/03\/25\/zur-liebe-befaehigt-2\/\">25. Zur Liebe bef\u00e4higt<\/a><br \/>\n<a style=\"color: #0000ff;\" href=\"https:\/\/erhardt-stiefel.de\/index.php\/2026\/03\/26\/gibt-es-ein-zu-spaet-2\/\">26. Gibt es ein Zu sp\u00e4t?<\/a><br \/>\n<a style=\"color: #0000ff;\" href=\"https:\/\/erhardt-stiefel.de\/index.php\/2026\/03\/27\/nicht-gegen-fleisch-und-blut-2\/\">27. Nicht gegen Fleisch und Blut<\/a><br \/>\n<a style=\"color: #0000ff;\" href=\"https:\/\/erhardt-stiefel.de\/index.php\/2026\/03\/28\/die-betruebte-seele\/\">28. Die betr\u00fcbte Seele<\/a><\/span><span style=\"color: #0000ff;\"><br \/>\n<a style=\"color: #0000ff;\" href=\"https:\/\/erhardt-stiefel.de\/index.php\/2026\/03\/29\/erhoerlich-beten-2\/\">29. Erh\u00f6rlich beten<\/a><br \/>\n<a style=\"color: #0000ff;\" href=\"https:\/\/erhardt-stiefel.de\/index.php\/2026\/03\/30\/bilanz-ist-notwendig\/\">30. Bilanz ist notwendig<\/a><br \/>\n<a style=\"color: #0000ff;\" href=\"https:\/\/erhardt-stiefel.de\/index.php\/2026\/03\/31\/wer-ist-dieser\/\">31. Wer ist Dieser?<\/a><br \/>\n<\/span><\/td>\n<td><span style=\"color: #000000;\"><span style=\"color: #0000ff;\"><a style=\"color: #0000ff;\" href=\"https:\/\/erhardt-stiefel.de\/index.php\/2026\/04\/01\/brot-vom-himmel\/\">01. Brot vom Himmel<\/a><\/span><br \/>\n<span style=\"color: #0000ff;\"><a style=\"color: #0000ff;\" href=\"https:\/\/erhardt-stiefel.de\/index.php\/2026\/04\/02\/todesverachtung\/\">02. Todesverachtung<\/a><\/span><br \/>\n<span style=\"color: #0000ff;\"><a style=\"color: #0000ff;\" href=\"https:\/\/erhardt-stiefel.de\/index.php\/2026\/04\/03\/der-ungeteilte-rock\/\">03. Der ungeteilte Rock<\/a><\/span><br \/>\n<span style=\"color: #0000ff;\"><a style=\"color: #0000ff;\" href=\"https:\/\/erhardt-stiefel.de\/index.php\/2026\/04\/04\/gesundes-selbstvertrauen-2\/\">04. Gesundes Selbstvertrauen<\/a><\/span><br \/>\n<span style=\"color: #0000ff;\"><a style=\"color: #0000ff;\" href=\"https:\/\/erhardt-stiefel.de\/index.php\/2026\/04\/05\/das-dumme-geschwaetz-2\/\">05. Das dumme Geschw\u00e4tz<\/a><\/span><br \/>\n<span style=\"color: #0000ff;\"><a style=\"color: #0000ff;\" href=\"https:\/\/erhardt-stiefel.de\/index.php\/2026\/04\/06\/da-hilft-nur-das-experiment-2\/\">06. Da hilft nur das Experiment<\/a><\/span><br \/>\n<span style=\"color: #0000ff;\"><a style=\"color: #0000ff;\" href=\"https:\/\/erhardt-stiefel.de\/index.php\/2026\/04\/07\/amalek-der-feind-in-der-wueste-2\/\">07. Amalek, der Feind in der W\u00fcste<\/a><\/span><\/span><br \/>\n<span style=\"color: #0000ff;\"><a style=\"color: #0000ff;\" href=\"https:\/\/erhardt-stiefel.de\/index.php\/2026\/04\/08\/nichts-mehr-als-ein-hund-2\/\">08. Nichts mehr als ein Hund<\/a><\/span><br \/>\n<span style=\"color: #0000ff;\"><a style=\"color: #0000ff;\" href=\"https:\/\/erhardt-stiefel.de\/index.php\/2026\/04\/09\/der-grosse-glaube-2\/\">09. Der gro\u00dfe Glaube<\/a><\/span><br \/>\n<span style=\"color: #0000ff;\"><a style=\"color: #0000ff;\" href=\"https:\/\/erhardt-stiefel.de\/index.php\/2026\/04\/10\/der-herr-ist-mein-hirte\/\">10. Der Herr ist mein Hirte<\/a><\/span><br \/>\n<span style=\"color: #0000ff;\"><a style=\"color: #0000ff;\" href=\"https:\/\/erhardt-stiefel.de\/index.php\/2026\/04\/11\/der-trost-einer-mutter-2\/\">11. Der Trost einer Mutter<\/a><\/span><br \/>\n<span style=\"color: #0000ff;\"><a style=\"color: #0000ff;\" href=\"https:\/\/erhardt-stiefel.de\/index.php\/2026\/04\/12\/mit-gottes-augen-sehen-2\/\">12. Mit Gottes Augen sehen<\/a><\/span><br \/>\n<span style=\"color: #0000ff;\"><a style=\"color: #0000ff;\" href=\"https:\/\/erhardt-stiefel.de\/index.php\/2025\/04\/13\/in-die-ewigkeit-investieren\/\">13. In die Ewigkeit investieren<\/a><\/span><br \/>\n<span style=\"color: #0000ff;\"><a style=\"color: #0000ff;\" href=\"https:\/\/erhardt-stiefel.de\/index.php\/2025\/04\/14\/das-ist-gnade\/\">14. Das ist Gnade<\/a><\/span><br \/>\n<span style=\"color: #0000ff;\"><a style=\"color: #0000ff;\" href=\"https:\/\/erhardt-stiefel.de\/index.php\/2024\/04\/15\/von-gott-gefuehrt-2\/\">15. Von Gott gef\u00fchrt<\/a><\/span><br \/>\n<span style=\"color: #0000ff;\"><a style=\"color: #0000ff;\" href=\"https:\/\/erhardt-stiefel.de\/index.php\/2025\/04\/16\/ein-schluessel-in-gottes-haenden\/\">16. Ein Schl\u00fcssel in Gottes H\u00e4nden<\/a><\/span><br \/>\n<span style=\"color: #0000ff;\"><a style=\"color: #0000ff;\" href=\"https:\/\/erhardt-stiefel.de\/index.php\/2025\/04\/17\/vertrauen-ist-alles\/\">17. Vertrauen ist alles<\/a><\/span><br \/>\n<span style=\"color: #0000ff;\"><a style=\"color: #0000ff;\" href=\"https:\/\/erhardt-stiefel.de\/index.php\/2025\/04\/18\/ein-leben-ohne-sorgen\/\">18. Ein Leben ohne Sorgen<\/a><\/span><br \/>\n<a href=\"https:\/\/erhardt-stiefel.de\/index.php\/2025\/04\/19\/die-wichtigste-entscheidung\/\"><span style=\"color: #0000ff;\">19. Die wichtigste Entscheidung<\/span><\/a><br \/>\n<a href=\"https:\/\/erhardt-stiefel.de\/index.php\/2025\/04\/20\/leben-in-der-freude\/\"><span style=\"color: #0000ff;\">20. Leben in der Freude<\/span><\/a><br \/>\n<span style=\"color: #0000ff;\"><a style=\"color: #0000ff;\" href=\"https:\/\/erhardt-stiefel.de\/index.php\/2025\/04\/21\/verordnete-ruhe\/\">21. Verordnete Ruhe<\/a><\/span><br \/>\n<span style=\"color: #0000ff;\"><a style=\"color: #0000ff;\" href=\"https:\/\/erhardt-stiefel.de\/index.php\/2025\/04\/22\/erwachsen-werden\/\">22. Erwachsen werden<\/a><\/span><br \/>\n<span style=\"color: #0000ff;\"><a style=\"color: #0000ff;\" href=\"https:\/\/erhardt-stiefel.de\/index.php\/2025\/04\/23\/leben-in-der-familie\/\">23. Leben in der Familie<\/a><\/span><br \/>\n<span style=\"color: #0000ff;\"><a style=\"color: #0000ff;\" href=\"https:\/\/erhardt-stiefel.de\/index.php\/2025\/04\/24\/keine-entmutigung-annehmen\/\">24. Keine Entmutigung annehmen<\/a><\/span><br \/>\n<span style=\"color: #0000ff;\"><a style=\"color: #0000ff;\" href=\"https:\/\/erhardt-stiefel.de\/index.php\/2025\/04\/25\/druck-veraendert\/\">25. Druck ver\u00e4ndert<\/a><\/span><br \/>\n<span style=\"color: #0000ff;\"><a style=\"color: #0000ff;\" href=\"https:\/\/erhardt-stiefel.de\/index.php\/2025\/04\/26\/gegen-das-vergessen\/\">26. Gegen das Vergessen<\/a><\/span><br \/>\n<span style=\"color: #0000ff;\"><a style=\"color: #0000ff;\" href=\"https:\/\/erhardt-stiefel.de\/index.php\/2025\/04\/27\/ohne-beschneidung-keine-frucht\/\">27. Ohne Beschneidung keine Frucht<\/a><\/span><br \/>\n<span style=\"color: #0000ff;\"><a style=\"color: #0000ff;\" href=\"https:\/\/erhardt-stiefel.de\/index.php\/2025\/04\/28\/harmonie-ist-alles\/\">28. Harmonie ist alles<\/a><\/span><br \/>\n<span style=\"color: #0000ff;\"><a style=\"color: #0000ff;\" href=\"https:\/\/erhardt-stiefel.de\/index.php\/2025\/04\/29\/der-kammerton-a\/\">29. Der Kammerton &#8222;A&#8220;<\/a><\/span><br \/>\n<a href=\"https:\/\/erhardt-stiefel.de\/index.php\/2025\/04\/30\/lass-dich-nicht-knechten\/\"><span style=\"color: #0000ff;\">30. Lass dich nicht knechten<\/span><\/a><br \/>\n&nbsp;<\/td>\n<\/tr>\n<\/tbody>\n<\/table>\n","protected":false},"excerpt":{"rendered":"<p>M\u00e4rz April 01. Generationswechsel 02. Mit W\u00fcrde alt werden 03. Die W\u00fcrde der Schwachen bewahren 04. Nicht alles wissen wollen 05. Hoffnung macht stark 06. Die bittere Wurzel 07. Herzenshaltung ist gefragt 08. Mut zur Stille 09. Jesus im Gedr\u00e4nge verlieren 10. Achte auf die kleinen Anf\u00e4nge 11. Dankopfer 12. Dranbleiben 13. H\u00e4nde zum Segnen &hellip; <\/p>\n<p class=\"link-more\"><a href=\"https:\/\/erhardt-stiefel.de\/index.php\/fliegen-wie-ein-adler\/maerz-und-april\/\" class=\"more-link\"><span class=\"screen-reader-text\">\u201eM\u00e4rz und April\u201c<\/span> weiterlesen<\/a><\/p>\n","protected":false},"author":1,"featured_media":0,"parent":3800,"menu_order":0,"comment_status":"closed","ping_status":"closed","template":"","meta":{"_exactmetrics_skip_tracking":false,"_exactmetrics_sitenote_active":false,"_exactmetrics_sitenote_note":"","_exactmetrics_sitenote_category":0,"ngg_post_thumbnail":0,"jetpack_post_was_ever_published":false,"footnotes":""},"class_list":["post-4378","page","type-page","status-publish","hentry"],"yoast_head":"<!-- This site is optimized with the Yoast SEO plugin v27.3 - https:\/\/yoast.com\/product\/yoast-seo-wordpress\/ -->\n<title>M\u00e4rz und April - Erhardt Stiefel&#039;s Fundgrube<\/title>\n<meta name=\"robots\" content=\"index, follow, max-snippet:-1, max-image-preview:large, max-video-preview:-1\" \/>\n<link rel=\"canonical\" href=\"https:\/\/erhardt-stiefel.de\/index.php\/fliegen-wie-ein-adler\/maerz-und-april\/\" \/>\n<meta property=\"og:locale\" content=\"de_DE\" \/>\n<meta property=\"og:type\" content=\"article\" \/>\n<meta property=\"og:title\" content=\"M\u00e4rz und April - Erhardt Stiefel&#039;s Fundgrube\" \/>\n<meta property=\"og:description\" content=\"M\u00e4rz April 01. Generationswechsel 02. Mit W\u00fcrde alt werden 03. Die W\u00fcrde der Schwachen bewahren 04. Nicht alles wissen wollen 05. Hoffnung macht stark 06. Die bittere Wurzel 07. Herzenshaltung ist gefragt 08. Mut zur Stille 09. Jesus im Gedr\u00e4nge verlieren 10. Achte auf die kleinen Anf\u00e4nge 11. Dankopfer 12. Dranbleiben 13. H\u00e4nde zum Segnen &hellip; \u201eM\u00e4rz und April\u201c weiterlesen\" \/>\n<meta property=\"og:url\" content=\"https:\/\/erhardt-stiefel.de\/index.php\/fliegen-wie-ein-adler\/maerz-und-april\/\" \/>\n<meta property=\"og:site_name\" content=\"Erhardt Stiefel&#039;s Fundgrube\" \/>\n<meta property=\"article:modified_time\" content=\"2026-04-12T06:30:14+00:00\" \/>\n<meta name=\"twitter:card\" content=\"summary_large_image\" \/>\n<meta name=\"twitter:label1\" content=\"Gesch\u00e4tzte Lesezeit\" \/>\n\t<meta name=\"twitter:data1\" content=\"2\u00a0Minuten\" \/>\n<script type=\"application\/ld+json\" class=\"yoast-schema-graph\">{\"@context\":\"https:\\\/\\\/schema.org\",\"@graph\":[{\"@type\":\"WebPage\",\"@id\":\"https:\\\/\\\/erhardt-stiefel.de\\\/index.php\\\/fliegen-wie-ein-adler\\\/maerz-und-april\\\/\",\"url\":\"https:\\\/\\\/erhardt-stiefel.de\\\/index.php\\\/fliegen-wie-ein-adler\\\/maerz-und-april\\\/\",\"name\":\"M\u00e4rz und April - Erhardt Stiefel&#039;s Fundgrube\",\"isPartOf\":{\"@id\":\"https:\\\/\\\/erhardt-stiefel.de\\\/#website\"},\"datePublished\":\"2021-02-24T16:58:53+00:00\",\"dateModified\":\"2026-04-12T06:30:14+00:00\",\"breadcrumb\":{\"@id\":\"https:\\\/\\\/erhardt-stiefel.de\\\/index.php\\\/fliegen-wie-ein-adler\\\/maerz-und-april\\\/#breadcrumb\"},\"inLanguage\":\"de\",\"potentialAction\":[{\"@type\":\"ReadAction\",\"target\":[\"https:\\\/\\\/erhardt-stiefel.de\\\/index.php\\\/fliegen-wie-ein-adler\\\/maerz-und-april\\\/\"]}]},{\"@type\":\"BreadcrumbList\",\"@id\":\"https:\\\/\\\/erhardt-stiefel.de\\\/index.php\\\/fliegen-wie-ein-adler\\\/maerz-und-april\\\/#breadcrumb\",\"itemListElement\":[{\"@type\":\"ListItem\",\"position\":1,\"name\":\"Home\",\"item\":\"https:\\\/\\\/erhardt-stiefel.de\\\/\"},{\"@type\":\"ListItem\",\"position\":2,\"name\":\"Jeden Tag eine neue Ermutigung aus Gottes Wort\",\"item\":\"https:\\\/\\\/erhardt-stiefel.de\\\/index.php\\\/fliegen-wie-ein-adler\\\/\"},{\"@type\":\"ListItem\",\"position\":3,\"name\":\"M\u00e4rz und April\"}]},{\"@type\":\"WebSite\",\"@id\":\"https:\\\/\\\/erhardt-stiefel.de\\\/#website\",\"url\":\"https:\\\/\\\/erhardt-stiefel.de\\\/\",\"name\":\"Erhardt Stiefel&#039;s Fundgrube\",\"description\":\"Erfahrungen mit CMS, Genealogie, Gott und der Welt - die ich sehr gerne mit dir teilen w\u00fcrde\",\"potentialAction\":[{\"@type\":\"SearchAction\",\"target\":{\"@type\":\"EntryPoint\",\"urlTemplate\":\"https:\\\/\\\/erhardt-stiefel.de\\\/?s={search_term_string}\"},\"query-input\":{\"@type\":\"PropertyValueSpecification\",\"valueRequired\":true,\"valueName\":\"search_term_string\"}}],\"inLanguage\":\"de\"}]}<\/script>\n<!-- \/ Yoast SEO plugin. -->","yoast_head_json":{"title":"M\u00e4rz und April - Erhardt Stiefel&#039;s Fundgrube","robots":{"index":"index","follow":"follow","max-snippet":"max-snippet:-1","max-image-preview":"max-image-preview:large","max-video-preview":"max-video-preview:-1"},"canonical":"https:\/\/erhardt-stiefel.de\/index.php\/fliegen-wie-ein-adler\/maerz-und-april\/","og_locale":"de_DE","og_type":"article","og_title":"M\u00e4rz und April - Erhardt Stiefel&#039;s Fundgrube","og_description":"M\u00e4rz April 01. Generationswechsel 02. Mit W\u00fcrde alt werden 03. Die W\u00fcrde der Schwachen bewahren 04. Nicht alles wissen wollen 05. Hoffnung macht stark 06. Die bittere Wurzel 07. Herzenshaltung ist gefragt 08. Mut zur Stille 09. Jesus im Gedr\u00e4nge verlieren 10. Achte auf die kleinen Anf\u00e4nge 11. Dankopfer 12. Dranbleiben 13. H\u00e4nde zum Segnen &hellip; \u201eM\u00e4rz und April\u201c weiterlesen","og_url":"https:\/\/erhardt-stiefel.de\/index.php\/fliegen-wie-ein-adler\/maerz-und-april\/","og_site_name":"Erhardt Stiefel&#039;s Fundgrube","article_modified_time":"2026-04-12T06:30:14+00:00","twitter_card":"summary_large_image","twitter_misc":{"Gesch\u00e4tzte Lesezeit":"2\u00a0Minuten"},"schema":{"@context":"https:\/\/schema.org","@graph":[{"@type":"WebPage","@id":"https:\/\/erhardt-stiefel.de\/index.php\/fliegen-wie-ein-adler\/maerz-und-april\/","url":"https:\/\/erhardt-stiefel.de\/index.php\/fliegen-wie-ein-adler\/maerz-und-april\/","name":"M\u00e4rz und April - Erhardt Stiefel&#039;s Fundgrube","isPartOf":{"@id":"https:\/\/erhardt-stiefel.de\/#website"},"datePublished":"2021-02-24T16:58:53+00:00","dateModified":"2026-04-12T06:30:14+00:00","breadcrumb":{"@id":"https:\/\/erhardt-stiefel.de\/index.php\/fliegen-wie-ein-adler\/maerz-und-april\/#breadcrumb"},"inLanguage":"de","potentialAction":[{"@type":"ReadAction","target":["https:\/\/erhardt-stiefel.de\/index.php\/fliegen-wie-ein-adler\/maerz-und-april\/"]}]},{"@type":"BreadcrumbList","@id":"https:\/\/erhardt-stiefel.de\/index.php\/fliegen-wie-ein-adler\/maerz-und-april\/#breadcrumb","itemListElement":[{"@type":"ListItem","position":1,"name":"Home","item":"https:\/\/erhardt-stiefel.de\/"},{"@type":"ListItem","position":2,"name":"Jeden Tag eine neue Ermutigung aus Gottes Wort","item":"https:\/\/erhardt-stiefel.de\/index.php\/fliegen-wie-ein-adler\/"},{"@type":"ListItem","position":3,"name":"M\u00e4rz und April"}]},{"@type":"WebSite","@id":"https:\/\/erhardt-stiefel.de\/#website","url":"https:\/\/erhardt-stiefel.de\/","name":"Erhardt Stiefel&#039;s Fundgrube","description":"Erfahrungen mit CMS, Genealogie, Gott und der Welt - die ich sehr gerne mit dir teilen w\u00fcrde","potentialAction":[{"@type":"SearchAction","target":{"@type":"EntryPoint","urlTemplate":"https:\/\/erhardt-stiefel.de\/?s={search_term_string}"},"query-input":{"@type":"PropertyValueSpecification","valueRequired":true,"valueName":"search_term_string"}}],"inLanguage":"de"}]}},"jetpack_sharing_enabled":true,"jetpack_shortlink":"https:\/\/wp.me\/PaRlFh-18C","_links":{"self":[{"href":"https:\/\/erhardt-stiefel.de\/index.php\/wp-json\/wp\/v2\/pages\/4378","targetHints":{"allow":["GET"]}}],"collection":[{"href":"https:\/\/erhardt-stiefel.de\/index.php\/wp-json\/wp\/v2\/pages"}],"about":[{"href":"https:\/\/erhardt-stiefel.de\/index.php\/wp-json\/wp\/v2\/types\/page"}],"author":[{"embeddable":true,"href":"https:\/\/erhardt-stiefel.de\/index.php\/wp-json\/wp\/v2\/users\/1"}],"replies":[{"embeddable":true,"href":"https:\/\/erhardt-stiefel.de\/index.php\/wp-json\/wp\/v2\/comments?post=4378"}],"version-history":[{"count":366,"href":"https:\/\/erhardt-stiefel.de\/index.php\/wp-json\/wp\/v2\/pages\/4378\/revisions"}],"predecessor-version":[{"id":11128,"href":"https:\/\/erhardt-stiefel.de\/index.php\/wp-json\/wp\/v2\/pages\/4378\/revisions\/11128"}],"up":[{"embeddable":true,"href":"https:\/\/erhardt-stiefel.de\/index.php\/wp-json\/wp\/v2\/pages\/3800"}],"wp:attachment":[{"href":"https:\/\/erhardt-stiefel.de\/index.php\/wp-json\/wp\/v2\/media?parent=4378"}],"curies":[{"name":"wp","href":"https:\/\/api.w.org\/{rel}","templated":true}]}}